{"id":990687,"date":"2025-05-14T17:13:01","date_gmt":"2025-05-14T15:13:01","guid":{"rendered":"https:\/\/salonkrasyvs.sk\/?post_type=product&#038;p=990687"},"modified":"2025-05-17T10:21:44","modified_gmt":"2025-05-17T08:21:44","slug":"repair-ends-sealer-serum","status":"publish","type":"product","link":"https:\/\/salonkrasyvs.sk\/?product=repair-ends-sealer-serum","title":{"rendered":"Repair Ends Sealer Serum \u2013 Veg\u00e1nske s\u00e9rum na obnovu a ochranu kon\u010dekov 100 ml"},"content":{"rendered":"<p class=\"\" data-start=\"238\" data-end=\"509\">Repair Ends Sealer Serum je veg\u00e1nske s\u00e9rum navrhnut\u00e9 na cielen\u00fa starostlivos\u0165 o po\u0161koden\u00e9 konce a stredn\u00e9 d\u013a\u017eky vlasov. Bohat\u00e9 na pr\u00edrodn\u00e9 akt\u00edvne l\u00e1tky, intenz\u00edvne regeneruje roz\u0161tiepen\u00e9 vlasy, zape\u010da\u0165uje vlasov\u00e9 vl\u00e1kno a chr\u00e1ni pred \u010fal\u0161\u00edm po\u0161koden\u00edm.<\/p>\n<p class=\"\" data-start=\"511\" data-end=\"740\">S\u00e9rum poskytuje okam\u017eit\u00fd omladzuj\u00faci efekt, navracia vlasom jemnos\u0165, hladkos\u0165 a prirodzen\u00fd lesk bez ich za\u0165a\u017eenia. Ide\u00e1lne ako posledn\u00fd krok v rutine vlasovej starostlivosti pre v\u0161etky typy vlasov, ktor\u00e9 potrebuj\u00fa posilni\u0165 konce.<\/p>\n<p>&nbsp;<\/p>\n<p><img decoding=\"async\" data-attachment-id=\"990591\" data-permalink=\"https:\/\/salonkrasyvs.sk\/?attachment_id=990591\" data-orig-file=\"https:\/\/salonkrasyvs.sk\/wp-content\/uploads\/2025\/05\/flower-ikona.png\" data-orig-size=\"64,64\" data-comments-opened=\"1\" data-image-meta=\"{&quot;aperture&quot;:&quot;0&quot;,&quot;credit&quot;:&quot;&quot;,&quot;camera&quot;:&quot;&quot;,&quot;caption&quot;:&quot;&quot;,&quot;created_timestamp&quot;:&quot;0&quot;,&quot;copyright&quot;:&quot;&quot;,&quot;focal_length&quot;:&quot;0&quot;,&quot;iso&quot;:&quot;0&quot;,&quot;shutter_speed&quot;:&quot;0&quot;,&quot;title&quot;:&quot;&quot;,&quot;orientation&quot;:&quot;0&quot;}\" data-image-title=\"flower ikona\" data-image-description=\"\" data-image-caption=\"\" data-large-file=\"https:\/\/salonkrasyvs.sk\/wp-content\/uploads\/2025\/05\/flower-ikona.png\" class=\"alignnone wp-image-990591\" src=\"https:\/\/salonkrasyvs.sk\/wp-content\/uploads\/2025\/05\/flower-ikona.png\" alt=\"\" width=\"57\" height=\"57\" \/><\/p>\n<p><strong>V\u00fdhody:<\/strong><\/p>\n<ul>\n<li class=\"\" data-start=\"761\" data-end=\"816\">\n<p class=\"\" data-start=\"763\" data-end=\"816\">Opravuje a zape\u010da\u0165uje po\u0161koden\u00e9 a roz\u0161tiepen\u00e9 konce<\/p>\n<\/li>\n<li class=\"\" data-start=\"817\" data-end=\"870\">\n<p class=\"\" data-start=\"819\" data-end=\"870\">Veg\u00e1nske zlo\u017eenie s pr\u00edrodn\u00fdmi akt\u00edvnymi zlo\u017ekami<\/p>\n<\/li>\n<li class=\"\" data-start=\"871\" data-end=\"902\">\n<p class=\"\" data-start=\"873\" data-end=\"902\">Okam\u017eit\u00fd omladzuj\u00faci \u00fa\u010dinok<\/p>\n<\/li>\n<li class=\"\" data-start=\"903\" data-end=\"941\">\n<p class=\"\" data-start=\"905\" data-end=\"941\">Vlasy s\u00fa hladk\u00e9, leskl\u00e9 a poddajn\u00e9<\/p>\n<\/li>\n<li class=\"\" data-start=\"942\" data-end=\"975\">\n<p class=\"\" data-start=\"944\" data-end=\"975\">Prevencia \u010fal\u0161ieho po\u0161kodenia<\/p>\n<\/li>\n<\/ul>\n<p>&nbsp;<\/p>\n<p><img decoding=\"async\" data-attachment-id=\"990617\" data-permalink=\"https:\/\/salonkrasyvs.sk\/?attachment_id=990617\" data-orig-file=\"https:\/\/salonkrasyvs.sk\/wp-content\/uploads\/2025\/05\/dry-hair.png\" data-orig-size=\"64,64\" data-comments-opened=\"1\" data-image-meta=\"{&quot;aperture&quot;:&quot;0&quot;,&quot;credit&quot;:&quot;&quot;,&quot;camera&quot;:&quot;&quot;,&quot;caption&quot;:&quot;&quot;,&quot;created_timestamp&quot;:&quot;0&quot;,&quot;copyright&quot;:&quot;&quot;,&quot;focal_length&quot;:&quot;0&quot;,&quot;iso&quot;:&quot;0&quot;,&quot;shutter_speed&quot;:&quot;0&quot;,&quot;title&quot;:&quot;&quot;,&quot;orientation&quot;:&quot;0&quot;}\" data-image-title=\"dry hair\" data-image-description=\"\" data-image-caption=\"\" data-large-file=\"https:\/\/salonkrasyvs.sk\/wp-content\/uploads\/2025\/05\/dry-hair.png\" class=\"alignnone size-full wp-image-990617\" src=\"https:\/\/salonkrasyvs.sk\/wp-content\/uploads\/2025\/05\/dry-hair.png\" alt=\"\" width=\"64\" height=\"64\" \/><\/p>\n<p><strong>Pou\u017eitie:<\/strong><\/p>\n<ol>\n<li class=\"\" data-start=\"998\" data-end=\"1075\">\n<p class=\"\" data-start=\"1000\" data-end=\"1075\">Aplikujte mal\u00e9 mno\u017estvo na such\u00e9 alebo vlhk\u00e9 konce a stredn\u00e9 \u010dasti vlasov<\/p>\n<\/li>\n<li class=\"\" data-start=\"1076\" data-end=\"1096\">\n<p class=\"\" data-start=\"1078\" data-end=\"1096\">Jemne vmas\u00edrujte<\/p>\n<\/li>\n<li class=\"\" data-start=\"1097\" data-end=\"1113\">\n<p class=\"\" data-start=\"1099\" data-end=\"1113\">Neoplachujte<\/p>\n<\/li>\n<li class=\"\" data-start=\"1114\" data-end=\"1164\">\n<p class=\"\" data-start=\"1116\" data-end=\"1164\">Pou\u017e\u00edvajte ako z\u00e1vere\u010dn\u00fd krok v starostlivosti<\/p>\n<\/li>\n<\/ol>\n","protected":false},"excerpt":{"rendered":"<p>Veg\u00e1nske s\u00e9rum na obnovu po\u0161koden\u00fdch koncov. Opravuje, zape\u010da\u0165uje a zanech\u00e1va vlasy hladk\u00e9, leskl\u00e9 a omladen\u00e9.<\/p>\n","protected":false},"featured_media":990688,"template":"","meta":[],"product_brand":[],"product_cat":[122,94],"product_tag":[160,159,207,129,127,206,205,174,194],"class_list":{"0":"post-990687","1":"product","2":"type-product","3":"status-publish","4":"has-post-thumbnail","6":"product_cat-oleje-a-sera","7":"product_cat-vlasova-kozmetika","8":"product_tag-bezoplachova-starostlivost","9":"product_tag-lesk-vlasov","10":"product_tag-oprava-vlasov","11":"product_tag-profesionalna-kozmetika","12":"product_tag-regeneracia","13":"product_tag-rozstiepene-konceky","14":"product_tag-serum-na-vlasy","15":"product_tag-veganska-kozmetika","16":"product_tag-vyziva","18":"first","19":"instock","20":"shipping-taxable","21":"purchasable","22":"product-type-simple"},"yoast_head":"<!-- This site is optimized with the Yoast SEO plugin v27.4 - https:\/\/yoast.com\/product\/yoast-seo-wordpress\/ -->\n<title>Repair Ends Sealer Serum \u2013 Veg\u00e1nske s\u00e9rum na obnovu a ochranu kon\u010dekov | 100 ml<\/title>\n<meta name=\"description\" content=\"Veg\u00e1nske s\u00e9rum na po\u0161koden\u00e9 konce a stredn\u00e9 \u010dasti vlasov. Oprava, zape\u010datenie a okam\u017eit\u00fd rejuvena\u010dn\u00fd \u00fa\u010dinok. Pre hladk\u00e9, jemn\u00e9 a leskl\u00e9 vlasy.\" \/>\n<meta name=\"robots\" content=\"index, follow, max-snippet:-1, max-image-preview:large, max-video-preview:-1\" \/>\n<link rel=\"canonical\" href=\"https:\/\/salonkrasyvs.sk\/?product=repair-ends-sealer-serum\" \/>\n<meta property=\"og:locale\" content=\"sk_SK\" \/>\n<meta property=\"og:type\" content=\"article\" \/>\n<meta property=\"og:title\" content=\"Repair Ends Sealer Serum \u2013 Veg\u00e1nske s\u00e9rum na obnovu a ochranu kon\u010dekov | 100 ml\" \/>\n<meta property=\"og:description\" content=\"Veg\u00e1nske s\u00e9rum na po\u0161koden\u00e9 konce a stredn\u00e9 \u010dasti vlasov. Oprava, zape\u010datenie a okam\u017eit\u00fd rejuvena\u010dn\u00fd \u00fa\u010dinok. Pre hladk\u00e9, jemn\u00e9 a leskl\u00e9 vlasy.\" \/>\n<meta property=\"og:url\" content=\"https:\/\/salonkrasyvs.sk\/?product=repair-ends-sealer-serum\" \/>\n<meta property=\"og:site_name\" content=\"Sal\u00f3n Kr\u00e1sy VS - kadern\u00edctvo, kozmetika, pedik\u00fara, microblading,\" \/>\n<meta property=\"article:modified_time\" content=\"2025-05-17T08:21:44+00:00\" \/>\n<meta property=\"og:image\" content=\"https:\/\/salonkrasyvs.sk\/wp-content\/uploads\/2025\/05\/repair-ends-sealer-serum-e1747235524885.jpg\" \/>\n\t<meta property=\"og:image:width\" content=\"700\" \/>\n\t<meta property=\"og:image:height\" content=\"700\" \/>\n\t<meta property=\"og:image:type\" content=\"image\/jpeg\" \/>\n<meta name=\"twitter:card\" content=\"summary_large_image\" \/>\n<meta name=\"twitter:label1\" content=\"Predpokladan\u00fd \u010das \u010d\u00edtania\" \/>\n\t<meta name=\"twitter:data1\" content=\"2 min\u00faty\" \/>\n<script type=\"application\/ld+json\" class=\"yoast-schema-graph\">{\"@context\":\"https:\\\/\\\/schema.org\",\"@graph\":[{\"@type\":\"WebPage\",\"@id\":\"https:\\\/\\\/salonkrasyvs.sk\\\/?product=repair-ends-sealer-serum\",\"url\":\"https:\\\/\\\/salonkrasyvs.sk\\\/?product=repair-ends-sealer-serum\",\"name\":\"Repair Ends Sealer Serum \u2013 Veg\u00e1nske s\u00e9rum na obnovu a ochranu kon\u010dekov | 100 ml\",\"isPartOf\":{\"@id\":\"https:\\\/\\\/salonkrasyvs.sk\\\/#website\"},\"primaryImageOfPage\":{\"@id\":\"https:\\\/\\\/salonkrasyvs.sk\\\/?product=repair-ends-sealer-serum#primaryimage\"},\"image\":{\"@id\":\"https:\\\/\\\/salonkrasyvs.sk\\\/?product=repair-ends-sealer-serum#primaryimage\"},\"thumbnailUrl\":\"https:\\\/\\\/salonkrasyvs.sk\\\/wp-content\\\/uploads\\\/2025\\\/05\\\/repair-ends-sealer-serum-e1747235524885.jpg\",\"datePublished\":\"2025-05-14T15:13:01+00:00\",\"dateModified\":\"2025-05-17T08:21:44+00:00\",\"description\":\"Veg\u00e1nske s\u00e9rum na po\u0161koden\u00e9 konce a stredn\u00e9 \u010dasti vlasov. Oprava, zape\u010datenie a okam\u017eit\u00fd rejuvena\u010dn\u00fd \u00fa\u010dinok. Pre hladk\u00e9, jemn\u00e9 a leskl\u00e9 vlasy.\",\"breadcrumb\":{\"@id\":\"https:\\\/\\\/salonkrasyvs.sk\\\/?product=repair-ends-sealer-serum#breadcrumb\"},\"inLanguage\":\"sk-SK\",\"potentialAction\":[{\"@type\":\"ReadAction\",\"target\":[\"https:\\\/\\\/salonkrasyvs.sk\\\/?product=repair-ends-sealer-serum\"]}]},{\"@type\":\"ImageObject\",\"inLanguage\":\"sk-SK\",\"@id\":\"https:\\\/\\\/salonkrasyvs.sk\\\/?product=repair-ends-sealer-serum#primaryimage\",\"url\":\"https:\\\/\\\/salonkrasyvs.sk\\\/wp-content\\\/uploads\\\/2025\\\/05\\\/repair-ends-sealer-serum-e1747235524885.jpg\",\"contentUrl\":\"https:\\\/\\\/salonkrasyvs.sk\\\/wp-content\\\/uploads\\\/2025\\\/05\\\/repair-ends-sealer-serum-e1747235524885.jpg\",\"width\":700,\"height\":700,\"caption\":\"Repair Ends Sealer Serum \u2013 Veg\u00e1nske s\u00e9rum na opravu kon\u010dekov a stredn\u00e9 \u010dasti vlasov\"},{\"@type\":\"BreadcrumbList\",\"@id\":\"https:\\\/\\\/salonkrasyvs.sk\\\/?product=repair-ends-sealer-serum#breadcrumb\",\"itemListElement\":[{\"@type\":\"ListItem\",\"position\":1,\"name\":\"Domovsk\u00e1 str\u00e1nka\",\"item\":\"https:\\\/\\\/salonkrasyvs.sk\\\/\"},{\"@type\":\"ListItem\",\"position\":2,\"name\":\"Obchod_zaloha\",\"item\":\"https:\\\/\\\/salonkrasyvs.sk\\\/?page_id=9697\"},{\"@type\":\"ListItem\",\"position\":3,\"name\":\"Repair Ends Sealer Serum \u2013 Veg\u00e1nske s\u00e9rum na obnovu a ochranu kon\u010dekov 100 ml\"}]},{\"@type\":\"WebSite\",\"@id\":\"https:\\\/\\\/salonkrasyvs.sk\\\/#website\",\"url\":\"https:\\\/\\\/salonkrasyvs.sk\\\/\",\"name\":\"Sal\u00f3n Kr\u00e1sy VS - kadern\u00edctvo, kozmetika, pedik\u00fara, microblading,\",\"description\":\"Sal\u00f3n Kr\u00e1sy kde sa o V\u00e1s postar\u00e1me : d\u00e1mske, p\u00e1nske kadern\u00edctvo, kozmetika, pedik\u00fara, manik\u00fara, microblading. Kvalitn\u00e1 vlasov\u00e1 kozmetika na na\u0161om e-shope: Milk shake,  Malibu C, Mon platin, Sans Soucis\",\"potentialAction\":[{\"@type\":\"SearchAction\",\"target\":{\"@type\":\"EntryPoint\",\"urlTemplate\":\"https:\\\/\\\/salonkrasyvs.sk\\\/?s={search_term_string}\"},\"query-input\":{\"@type\":\"PropertyValueSpecification\",\"valueRequired\":true,\"valueName\":\"search_term_string\"}}],\"inLanguage\":\"sk-SK\"}]}<\/script>\n<!-- \/ Yoast SEO plugin. -->","yoast_head_json":{"title":"Repair Ends Sealer Serum \u2013 Veg\u00e1nske s\u00e9rum na obnovu a ochranu kon\u010dekov | 100 ml","description":"Veg\u00e1nske s\u00e9rum na po\u0161koden\u00e9 konce a stredn\u00e9 \u010dasti vlasov. Oprava, zape\u010datenie a okam\u017eit\u00fd rejuvena\u010dn\u00fd \u00fa\u010dinok. Pre hladk\u00e9, jemn\u00e9 a leskl\u00e9 vlasy.","robots":{"index":"index","follow":"follow","max-snippet":"max-snippet:-1","max-image-preview":"max-image-preview:large","max-video-preview":"max-video-preview:-1"},"canonical":"https:\/\/salonkrasyvs.sk\/?product=repair-ends-sealer-serum","og_locale":"sk_SK","og_type":"article","og_title":"Repair Ends Sealer Serum \u2013 Veg\u00e1nske s\u00e9rum na obnovu a ochranu kon\u010dekov | 100 ml","og_description":"Veg\u00e1nske s\u00e9rum na po\u0161koden\u00e9 konce a stredn\u00e9 \u010dasti vlasov. Oprava, zape\u010datenie a okam\u017eit\u00fd rejuvena\u010dn\u00fd \u00fa\u010dinok. Pre hladk\u00e9, jemn\u00e9 a leskl\u00e9 vlasy.","og_url":"https:\/\/salonkrasyvs.sk\/?product=repair-ends-sealer-serum","og_site_name":"Sal\u00f3n Kr\u00e1sy VS - kadern\u00edctvo, kozmetika, pedik\u00fara, microblading,","article_modified_time":"2025-05-17T08:21:44+00:00","og_image":[{"width":700,"height":700,"url":"https:\/\/salonkrasyvs.sk\/wp-content\/uploads\/2025\/05\/repair-ends-sealer-serum-e1747235524885.jpg","type":"image\/jpeg"}],"twitter_card":"summary_large_image","twitter_misc":{"Predpokladan\u00fd \u010das \u010d\u00edtania":"2 min\u00faty"},"schema":{"@context":"https:\/\/schema.org","@graph":[{"@type":"WebPage","@id":"https:\/\/salonkrasyvs.sk\/?product=repair-ends-sealer-serum","url":"https:\/\/salonkrasyvs.sk\/?product=repair-ends-sealer-serum","name":"Repair Ends Sealer Serum \u2013 Veg\u00e1nske s\u00e9rum na obnovu a ochranu kon\u010dekov | 100 ml","isPartOf":{"@id":"https:\/\/salonkrasyvs.sk\/#website"},"primaryImageOfPage":{"@id":"https:\/\/salonkrasyvs.sk\/?product=repair-ends-sealer-serum#primaryimage"},"image":{"@id":"https:\/\/salonkrasyvs.sk\/?product=repair-ends-sealer-serum#primaryimage"},"thumbnailUrl":"https:\/\/salonkrasyvs.sk\/wp-content\/uploads\/2025\/05\/repair-ends-sealer-serum-e1747235524885.jpg","datePublished":"2025-05-14T15:13:01+00:00","dateModified":"2025-05-17T08:21:44+00:00","description":"Veg\u00e1nske s\u00e9rum na po\u0161koden\u00e9 konce a stredn\u00e9 \u010dasti vlasov. Oprava, zape\u010datenie a okam\u017eit\u00fd rejuvena\u010dn\u00fd \u00fa\u010dinok. Pre hladk\u00e9, jemn\u00e9 a leskl\u00e9 vlasy.","breadcrumb":{"@id":"https:\/\/salonkrasyvs.sk\/?product=repair-ends-sealer-serum#breadcrumb"},"inLanguage":"sk-SK","potentialAction":[{"@type":"ReadAction","target":["https:\/\/salonkrasyvs.sk\/?product=repair-ends-sealer-serum"]}]},{"@type":"ImageObject","inLanguage":"sk-SK","@id":"https:\/\/salonkrasyvs.sk\/?product=repair-ends-sealer-serum#primaryimage","url":"https:\/\/salonkrasyvs.sk\/wp-content\/uploads\/2025\/05\/repair-ends-sealer-serum-e1747235524885.jpg","contentUrl":"https:\/\/salonkrasyvs.sk\/wp-content\/uploads\/2025\/05\/repair-ends-sealer-serum-e1747235524885.jpg","width":700,"height":700,"caption":"Repair Ends Sealer Serum \u2013 Veg\u00e1nske s\u00e9rum na opravu kon\u010dekov a stredn\u00e9 \u010dasti vlasov"},{"@type":"BreadcrumbList","@id":"https:\/\/salonkrasyvs.sk\/?product=repair-ends-sealer-serum#breadcrumb","itemListElement":[{"@type":"ListItem","position":1,"name":"Domovsk\u00e1 str\u00e1nka","item":"https:\/\/salonkrasyvs.sk\/"},{"@type":"ListItem","position":2,"name":"Obchod_zaloha","item":"https:\/\/salonkrasyvs.sk\/?page_id=9697"},{"@type":"ListItem","position":3,"name":"Repair Ends Sealer Serum \u2013 Veg\u00e1nske s\u00e9rum na obnovu a ochranu kon\u010dekov 100 ml"}]},{"@type":"WebSite","@id":"https:\/\/salonkrasyvs.sk\/#website","url":"https:\/\/salonkrasyvs.sk\/","name":"Sal\u00f3n Kr\u00e1sy VS - kadern\u00edctvo, kozmetika, pedik\u00fara, microblading,","description":"Sal\u00f3n Kr\u00e1sy kde sa o V\u00e1s postar\u00e1me : d\u00e1mske, p\u00e1nske kadern\u00edctvo, kozmetika, pedik\u00fara, manik\u00fara, microblading. Kvalitn\u00e1 vlasov\u00e1 kozmetika na na\u0161om e-shope: Milk shake,  Malibu C, Mon platin, Sans Soucis","potentialAction":[{"@type":"SearchAction","target":{"@type":"EntryPoint","urlTemplate":"https:\/\/salonkrasyvs.sk\/?s={search_term_string}"},"query-input":{"@type":"PropertyValueSpecification","valueRequired":true,"valueName":"search_term_string"}}],"inLanguage":"sk-SK"}]}},"jetpack_sharing_enabled":true,"jetpack_likes_enabled":true,"_links":{"self":[{"href":"https:\/\/salonkrasyvs.sk\/index.php?rest_route=\/wp\/v2\/product\/990687","targetHints":{"allow":["GET"]}}],"collection":[{"href":"https:\/\/salonkrasyvs.sk\/index.php?rest_route=\/wp\/v2\/product"}],"about":[{"href":"https:\/\/salonkrasyvs.sk\/index.php?rest_route=\/wp\/v2\/types\/product"}],"wp:featuredmedia":[{"embeddable":true,"href":"https:\/\/salonkrasyvs.sk\/index.php?rest_route=\/wp\/v2\/media\/990688"}],"wp:attachment":[{"href":"https:\/\/salonkrasyvs.sk\/index.php?rest_route=%2Fwp%2Fv2%2Fmedia&parent=990687"}],"wp:term":[{"taxonomy":"product_brand","embeddable":true,"href":"https:\/\/salonkrasyvs.sk\/index.php?rest_route=%2Fwp%2Fv2%2Fproduct_brand&post=990687"},{"taxonomy":"product_cat","embeddable":true,"href":"https:\/\/salonkrasyvs.sk\/index.php?rest_route=%2Fwp%2Fv2%2Fproduct_cat&post=990687"},{"taxonomy":"product_tag","embeddable":true,"href":"https:\/\/salonkrasyvs.sk\/index.php?rest_route=%2Fwp%2Fv2%2Fproduct_tag&post=990687"}],"curies":[{"name":"wp","href":"https:\/\/api.w.org\/{rel}","templated":true}]}}