{"id":990672,"date":"2025-05-14T08:27:28","date_gmt":"2025-05-14T06:27:28","guid":{"rendered":"https:\/\/salonkrasyvs.sk\/?post_type=product&#038;p=990672"},"modified":"2025-05-17T16:19:41","modified_gmt":"2025-05-17T14:19:41","slug":"volume-mask-no-frizz","status":"publish","type":"product","link":"https:\/\/salonkrasyvs.sk\/?product=volume-mask-no-frizz","title":{"rendered":"Volume Mask No-Frizz \u2013 Veg\u00e1nska maska pre objem a kontrolu krepovatenia 250 ml"},"content":{"rendered":"<p class=\"\" data-start=\"218\" data-end=\"496\">Volume Mask No-Frizz je veg\u00e1nska maska \u0161peci\u00e1lne vyvinut\u00e1 pre jemn\u00e9 vlasy, ktor\u00e9 potrebuj\u00fa objem a \u013eahk\u00fa, vy\u017eivuj\u00facu starostlivos\u0165. V\u010faka pr\u00edrodn\u00fdm akt\u00edvnym zlo\u017ek\u00e1m intenz\u00edvne hydratuje, dod\u00e1va vlasom v\u00fd\u017eivu, objem a z\u00e1rove\u0148 \u00fa\u010dinne kontroluje krepovatenie.<\/p>\n<p class=\"\" data-start=\"498\" data-end=\"680\">Maska nezanech\u00e1va vlasy \u0165a\u017ek\u00e9 ani mastn\u00e9 \u2013 naopak, podporuje prirodzen\u00fd pohyb, \u013eahkos\u0165 a nad\u00fdchan\u00fd vzh\u013ead. Pre optim\u00e1lne v\u00fdsledky odpor\u00fa\u010dame kombinova\u0165 s Volume Shampoo No-Frizz.<\/p>\n<p>&nbsp;<\/p>\n<p><img decoding=\"async\" data-attachment-id=\"990591\" data-permalink=\"https:\/\/salonkrasyvs.sk\/?attachment_id=990591\" data-orig-file=\"https:\/\/salonkrasyvs.sk\/wp-content\/uploads\/2025\/05\/flower-ikona.png\" data-orig-size=\"64,64\" data-comments-opened=\"1\" data-image-meta=\"{&quot;aperture&quot;:&quot;0&quot;,&quot;credit&quot;:&quot;&quot;,&quot;camera&quot;:&quot;&quot;,&quot;caption&quot;:&quot;&quot;,&quot;created_timestamp&quot;:&quot;0&quot;,&quot;copyright&quot;:&quot;&quot;,&quot;focal_length&quot;:&quot;0&quot;,&quot;iso&quot;:&quot;0&quot;,&quot;shutter_speed&quot;:&quot;0&quot;,&quot;title&quot;:&quot;&quot;,&quot;orientation&quot;:&quot;0&quot;}\" data-image-title=\"flower ikona\" data-image-description=\"\" data-image-caption=\"\" data-large-file=\"https:\/\/salonkrasyvs.sk\/wp-content\/uploads\/2025\/05\/flower-ikona.png\" class=\"alignnone wp-image-990591\" src=\"https:\/\/salonkrasyvs.sk\/wp-content\/uploads\/2025\/05\/flower-ikona.png\" alt=\"\" width=\"59\" height=\"59\" \/><\/p>\n<p><strong>V\u00fdhody:<\/strong><\/p>\n<ul>\n<li class=\"\" data-start=\"701\" data-end=\"731\">\n<p class=\"\" data-start=\"703\" data-end=\"731\">Dod\u00e1va objem bez za\u0165a\u017eenia<\/p>\n<\/li>\n<li class=\"\" data-start=\"732\" data-end=\"777\">\n<p class=\"\" data-start=\"734\" data-end=\"777\">Kontroluje krepovatenie a uhladzuje vlasy<\/p>\n<\/li>\n<li class=\"\" data-start=\"778\" data-end=\"814\">\n<p class=\"\" data-start=\"780\" data-end=\"814\">Hydratuje a vy\u017eivuje jemn\u00e9 vlasy<\/p>\n<\/li>\n<li class=\"\" data-start=\"815\" data-end=\"861\">\n<p class=\"\" data-start=\"817\" data-end=\"861\">Zanech\u00e1va vlasy \u013eahk\u00e9, hebk\u00e9 a pln\u00e9 \u017eivota<\/p>\n<\/li>\n<li class=\"\" data-start=\"862\" data-end=\"908\">\n<p class=\"\" data-start=\"864\" data-end=\"908\">Veg\u00e1nske zlo\u017eenie bez parab\u00e9nov a sulf\u00e1tov<\/p>\n<\/li>\n<\/ul>\n<p>&nbsp;<\/p>\n<p><img decoding=\"async\" data-attachment-id=\"990592\" data-permalink=\"https:\/\/salonkrasyvs.sk\/?attachment_id=990592\" data-orig-file=\"https:\/\/salonkrasyvs.sk\/wp-content\/uploads\/2025\/05\/hair-washing.png\" data-orig-size=\"64,64\" data-comments-opened=\"1\" data-image-meta=\"{&quot;aperture&quot;:&quot;0&quot;,&quot;credit&quot;:&quot;&quot;,&quot;camera&quot;:&quot;&quot;,&quot;caption&quot;:&quot;&quot;,&quot;created_timestamp&quot;:&quot;0&quot;,&quot;copyright&quot;:&quot;&quot;,&quot;focal_length&quot;:&quot;0&quot;,&quot;iso&quot;:&quot;0&quot;,&quot;shutter_speed&quot;:&quot;0&quot;,&quot;title&quot;:&quot;&quot;,&quot;orientation&quot;:&quot;0&quot;}\" data-image-title=\"hair-washing\" data-image-description=\"\" data-image-caption=\"\" data-large-file=\"https:\/\/salonkrasyvs.sk\/wp-content\/uploads\/2025\/05\/hair-washing.png\" class=\"alignnone size-full wp-image-990592\" src=\"https:\/\/salonkrasyvs.sk\/wp-content\/uploads\/2025\/05\/hair-washing.png\" alt=\"\" width=\"64\" height=\"64\" \/><\/p>\n<p><strong>Pou\u017eitie:<\/strong><\/p>\n<ol>\n<li class=\"\" data-start=\"931\" data-end=\"976\">\n<p class=\"\" data-start=\"933\" data-end=\"976\">Naneste na umyt\u00e9 vlasy po pou\u017eit\u00ed \u0161amp\u00f3nu<\/p>\n<\/li>\n<li class=\"\" data-start=\"977\" data-end=\"1007\">\n<p class=\"\" data-start=\"979\" data-end=\"1007\">Nechajte p\u00f4sobi\u0165 3\u20135 min\u00fat<\/p>\n<\/li>\n<li class=\"\" data-start=\"1008\" data-end=\"1031\">\n<p class=\"\" data-start=\"1010\" data-end=\"1031\">D\u00f4kladne opl\u00e1chnite<\/p>\n<\/li>\n<li class=\"\" data-start=\"1032\" data-end=\"1111\">\n<p class=\"\" data-start=\"1034\" data-end=\"1111\">Pre maxim\u00e1lny efekt pou\u017e\u00edvajte spolu s produktmi z radu Volume No-Frizz<\/p>\n<\/li>\n<\/ol>\n","protected":false},"excerpt":{"rendered":"<p>Veg\u00e1nska maska pre jemn\u00e9 vlasy. Dod\u00e1va objem, uhladzuje, vy\u017eivuje a zanech\u00e1va vlasy nad\u00fdchan\u00e9 a pln\u00e9 \u017eivota.<\/p>\n","protected":false},"featured_media":990673,"template":"","meta":[],"product_brand":[],"product_cat":[96,94],"product_tag":[188,157,193,130,192,129,174,194],"class_list":{"0":"post-990672","1":"product","2":"type-product","3":"status-publish","4":"has-post-thumbnail","6":"product_cat-kondicionery-a-masky","7":"product_cat-vlasova-kozmetika","8":"product_tag-bez-frizz-efektu","9":"product_tag-hydratacia","10":"product_tag-jemne-vlasy","11":"product_tag-maska-na-vlasy","12":"product_tag-objem-vlasov","13":"product_tag-profesionalna-kozmetika","14":"product_tag-veganska-kozmetika","15":"product_tag-vyziva","17":"first","18":"instock","19":"shipping-taxable","20":"purchasable","21":"product-type-simple"},"yoast_head":"<!-- This site is optimized with the Yoast SEO plugin v27.5 - https:\/\/yoast.com\/product\/yoast-seo-wordpress\/ -->\n<title>Volume Mask No-Frizz \u2013 Veg\u00e1nska maska pre objem a kontrolu krepovatenia | 250 ml<\/title>\n<meta name=\"description\" content=\"Veg\u00e1nska maska pre jemn\u00e9 vlasy, ktor\u00e1 poskytuje objem, kontrolu krepatenia a hydrat\u00e1ciu. Zanech\u00e1va vlasy nad\u00fdchan\u00e9, hladk\u00e9 a pln\u00e9 objemu.\" \/>\n<meta name=\"robots\" content=\"index, follow, max-snippet:-1, max-image-preview:large, max-video-preview:-1\" \/>\n<link rel=\"canonical\" href=\"https:\/\/salonkrasyvs.sk\/?product=volume-mask-no-frizz\" \/>\n<meta property=\"og:locale\" content=\"sk_SK\" \/>\n<meta property=\"og:type\" content=\"article\" \/>\n<meta property=\"og:title\" content=\"Volume Mask No-Frizz \u2013 Veg\u00e1nska maska pre objem a kontrolu krepovatenia | 250 ml\" \/>\n<meta property=\"og:description\" content=\"Veg\u00e1nska maska pre jemn\u00e9 vlasy, ktor\u00e1 poskytuje objem, kontrolu krepatenia a hydrat\u00e1ciu. Zanech\u00e1va vlasy nad\u00fdchan\u00e9, hladk\u00e9 a pln\u00e9 objemu.\" \/>\n<meta property=\"og:url\" content=\"https:\/\/salonkrasyvs.sk\/?product=volume-mask-no-frizz\" \/>\n<meta property=\"og:site_name\" content=\"Sal\u00f3n Kr\u00e1sy VS - kadern\u00edctvo, kozmetika, pedik\u00fara, microblading,\" \/>\n<meta property=\"article:modified_time\" content=\"2025-05-17T14:19:41+00:00\" \/>\n<meta property=\"og:image\" content=\"https:\/\/salonkrasyvs.sk\/wp-content\/uploads\/2025\/05\/volume-mask-no-frizz-e1747203989769.jpg\" \/>\n\t<meta property=\"og:image:width\" content=\"700\" \/>\n\t<meta property=\"og:image:height\" content=\"700\" \/>\n\t<meta property=\"og:image:type\" content=\"image\/jpeg\" \/>\n<meta name=\"twitter:card\" content=\"summary_large_image\" \/>\n<meta name=\"twitter:label1\" content=\"Predpokladan\u00fd \u010das \u010d\u00edtania\" \/>\n\t<meta name=\"twitter:data1\" content=\"2 min\u00faty\" \/>\n<script type=\"application\/ld+json\" class=\"yoast-schema-graph\">{\"@context\":\"https:\\\/\\\/schema.org\",\"@graph\":[{\"@type\":\"WebPage\",\"@id\":\"https:\\\/\\\/salonkrasyvs.sk\\\/?product=volume-mask-no-frizz\",\"url\":\"https:\\\/\\\/salonkrasyvs.sk\\\/?product=volume-mask-no-frizz\",\"name\":\"Volume Mask No-Frizz \u2013 Veg\u00e1nska maska pre objem a kontrolu krepovatenia | 250 ml\",\"isPartOf\":{\"@id\":\"https:\\\/\\\/salonkrasyvs.sk\\\/#website\"},\"primaryImageOfPage\":{\"@id\":\"https:\\\/\\\/salonkrasyvs.sk\\\/?product=volume-mask-no-frizz#primaryimage\"},\"image\":{\"@id\":\"https:\\\/\\\/salonkrasyvs.sk\\\/?product=volume-mask-no-frizz#primaryimage\"},\"thumbnailUrl\":\"https:\\\/\\\/salonkrasyvs.sk\\\/wp-content\\\/uploads\\\/2025\\\/05\\\/volume-mask-no-frizz-e1747203989769.jpg\",\"datePublished\":\"2025-05-14T06:27:28+00:00\",\"dateModified\":\"2025-05-17T14:19:41+00:00\",\"description\":\"Veg\u00e1nska maska pre jemn\u00e9 vlasy, ktor\u00e1 poskytuje objem, kontrolu krepatenia a hydrat\u00e1ciu. Zanech\u00e1va vlasy nad\u00fdchan\u00e9, hladk\u00e9 a pln\u00e9 objemu.\",\"breadcrumb\":{\"@id\":\"https:\\\/\\\/salonkrasyvs.sk\\\/?product=volume-mask-no-frizz#breadcrumb\"},\"inLanguage\":\"sk-SK\",\"potentialAction\":[{\"@type\":\"ReadAction\",\"target\":[\"https:\\\/\\\/salonkrasyvs.sk\\\/?product=volume-mask-no-frizz\"]}]},{\"@type\":\"ImageObject\",\"inLanguage\":\"sk-SK\",\"@id\":\"https:\\\/\\\/salonkrasyvs.sk\\\/?product=volume-mask-no-frizz#primaryimage\",\"url\":\"https:\\\/\\\/salonkrasyvs.sk\\\/wp-content\\\/uploads\\\/2025\\\/05\\\/volume-mask-no-frizz-e1747203989769.jpg\",\"contentUrl\":\"https:\\\/\\\/salonkrasyvs.sk\\\/wp-content\\\/uploads\\\/2025\\\/05\\\/volume-mask-no-frizz-e1747203989769.jpg\",\"width\":700,\"height\":700,\"caption\":\"Volume Mask No-Frizz \u2013 Veg\u00e1nska maska pre objem a jemnos\u0165\"},{\"@type\":\"BreadcrumbList\",\"@id\":\"https:\\\/\\\/salonkrasyvs.sk\\\/?product=volume-mask-no-frizz#breadcrumb\",\"itemListElement\":[{\"@type\":\"ListItem\",\"position\":1,\"name\":\"Domovsk\u00e1 str\u00e1nka\",\"item\":\"https:\\\/\\\/salonkrasyvs.sk\\\/\"},{\"@type\":\"ListItem\",\"position\":2,\"name\":\"Obchod_zaloha\",\"item\":\"https:\\\/\\\/salonkrasyvs.sk\\\/?page_id=9697\"},{\"@type\":\"ListItem\",\"position\":3,\"name\":\"Volume Mask No-Frizz \u2013 Veg\u00e1nska maska pre objem a kontrolu krepovatenia 250 ml\"}]},{\"@type\":\"WebSite\",\"@id\":\"https:\\\/\\\/salonkrasyvs.sk\\\/#website\",\"url\":\"https:\\\/\\\/salonkrasyvs.sk\\\/\",\"name\":\"Sal\u00f3n Kr\u00e1sy VS - kadern\u00edctvo, kozmetika, pedik\u00fara, microblading,\",\"description\":\"Sal\u00f3n Kr\u00e1sy kde sa o V\u00e1s postar\u00e1me : d\u00e1mske, p\u00e1nske kadern\u00edctvo, kozmetika, pedik\u00fara, manik\u00fara, microblading. Kvalitn\u00e1 vlasov\u00e1 kozmetika na na\u0161om e-shope: Milk shake,  Malibu C, Mon platin, Sans Soucis\",\"potentialAction\":[{\"@type\":\"SearchAction\",\"target\":{\"@type\":\"EntryPoint\",\"urlTemplate\":\"https:\\\/\\\/salonkrasyvs.sk\\\/?s={search_term_string}\"},\"query-input\":{\"@type\":\"PropertyValueSpecification\",\"valueRequired\":true,\"valueName\":\"search_term_string\"}}],\"inLanguage\":\"sk-SK\"}]}<\/script>\n<!-- \/ Yoast SEO plugin. -->","yoast_head_json":{"title":"Volume Mask No-Frizz \u2013 Veg\u00e1nska maska pre objem a kontrolu krepovatenia | 250 ml","description":"Veg\u00e1nska maska pre jemn\u00e9 vlasy, ktor\u00e1 poskytuje objem, kontrolu krepatenia a hydrat\u00e1ciu. Zanech\u00e1va vlasy nad\u00fdchan\u00e9, hladk\u00e9 a pln\u00e9 objemu.","robots":{"index":"index","follow":"follow","max-snippet":"max-snippet:-1","max-image-preview":"max-image-preview:large","max-video-preview":"max-video-preview:-1"},"canonical":"https:\/\/salonkrasyvs.sk\/?product=volume-mask-no-frizz","og_locale":"sk_SK","og_type":"article","og_title":"Volume Mask No-Frizz \u2013 Veg\u00e1nska maska pre objem a kontrolu krepovatenia | 250 ml","og_description":"Veg\u00e1nska maska pre jemn\u00e9 vlasy, ktor\u00e1 poskytuje objem, kontrolu krepatenia a hydrat\u00e1ciu. Zanech\u00e1va vlasy nad\u00fdchan\u00e9, hladk\u00e9 a pln\u00e9 objemu.","og_url":"https:\/\/salonkrasyvs.sk\/?product=volume-mask-no-frizz","og_site_name":"Sal\u00f3n Kr\u00e1sy VS - kadern\u00edctvo, kozmetika, pedik\u00fara, microblading,","article_modified_time":"2025-05-17T14:19:41+00:00","og_image":[{"width":700,"height":700,"url":"https:\/\/salonkrasyvs.sk\/wp-content\/uploads\/2025\/05\/volume-mask-no-frizz-e1747203989769.jpg","type":"image\/jpeg"}],"twitter_card":"summary_large_image","twitter_misc":{"Predpokladan\u00fd \u010das \u010d\u00edtania":"2 min\u00faty"},"schema":{"@context":"https:\/\/schema.org","@graph":[{"@type":"WebPage","@id":"https:\/\/salonkrasyvs.sk\/?product=volume-mask-no-frizz","url":"https:\/\/salonkrasyvs.sk\/?product=volume-mask-no-frizz","name":"Volume Mask No-Frizz \u2013 Veg\u00e1nska maska pre objem a kontrolu krepovatenia | 250 ml","isPartOf":{"@id":"https:\/\/salonkrasyvs.sk\/#website"},"primaryImageOfPage":{"@id":"https:\/\/salonkrasyvs.sk\/?product=volume-mask-no-frizz#primaryimage"},"image":{"@id":"https:\/\/salonkrasyvs.sk\/?product=volume-mask-no-frizz#primaryimage"},"thumbnailUrl":"https:\/\/salonkrasyvs.sk\/wp-content\/uploads\/2025\/05\/volume-mask-no-frizz-e1747203989769.jpg","datePublished":"2025-05-14T06:27:28+00:00","dateModified":"2025-05-17T14:19:41+00:00","description":"Veg\u00e1nska maska pre jemn\u00e9 vlasy, ktor\u00e1 poskytuje objem, kontrolu krepatenia a hydrat\u00e1ciu. Zanech\u00e1va vlasy nad\u00fdchan\u00e9, hladk\u00e9 a pln\u00e9 objemu.","breadcrumb":{"@id":"https:\/\/salonkrasyvs.sk\/?product=volume-mask-no-frizz#breadcrumb"},"inLanguage":"sk-SK","potentialAction":[{"@type":"ReadAction","target":["https:\/\/salonkrasyvs.sk\/?product=volume-mask-no-frizz"]}]},{"@type":"ImageObject","inLanguage":"sk-SK","@id":"https:\/\/salonkrasyvs.sk\/?product=volume-mask-no-frizz#primaryimage","url":"https:\/\/salonkrasyvs.sk\/wp-content\/uploads\/2025\/05\/volume-mask-no-frizz-e1747203989769.jpg","contentUrl":"https:\/\/salonkrasyvs.sk\/wp-content\/uploads\/2025\/05\/volume-mask-no-frizz-e1747203989769.jpg","width":700,"height":700,"caption":"Volume Mask No-Frizz \u2013 Veg\u00e1nska maska pre objem a jemnos\u0165"},{"@type":"BreadcrumbList","@id":"https:\/\/salonkrasyvs.sk\/?product=volume-mask-no-frizz#breadcrumb","itemListElement":[{"@type":"ListItem","position":1,"name":"Domovsk\u00e1 str\u00e1nka","item":"https:\/\/salonkrasyvs.sk\/"},{"@type":"ListItem","position":2,"name":"Obchod_zaloha","item":"https:\/\/salonkrasyvs.sk\/?page_id=9697"},{"@type":"ListItem","position":3,"name":"Volume Mask No-Frizz \u2013 Veg\u00e1nska maska pre objem a kontrolu krepovatenia 250 ml"}]},{"@type":"WebSite","@id":"https:\/\/salonkrasyvs.sk\/#website","url":"https:\/\/salonkrasyvs.sk\/","name":"Sal\u00f3n Kr\u00e1sy VS - kadern\u00edctvo, kozmetika, pedik\u00fara, microblading,","description":"Sal\u00f3n Kr\u00e1sy kde sa o V\u00e1s postar\u00e1me : d\u00e1mske, p\u00e1nske kadern\u00edctvo, kozmetika, pedik\u00fara, manik\u00fara, microblading. Kvalitn\u00e1 vlasov\u00e1 kozmetika na na\u0161om e-shope: Milk shake,  Malibu C, Mon platin, Sans Soucis","potentialAction":[{"@type":"SearchAction","target":{"@type":"EntryPoint","urlTemplate":"https:\/\/salonkrasyvs.sk\/?s={search_term_string}"},"query-input":{"@type":"PropertyValueSpecification","valueRequired":true,"valueName":"search_term_string"}}],"inLanguage":"sk-SK"}]}},"jetpack_sharing_enabled":true,"jetpack_likes_enabled":true,"_links":{"self":[{"href":"https:\/\/salonkrasyvs.sk\/index.php?rest_route=\/wp\/v2\/product\/990672","targetHints":{"allow":["GET"]}}],"collection":[{"href":"https:\/\/salonkrasyvs.sk\/index.php?rest_route=\/wp\/v2\/product"}],"about":[{"href":"https:\/\/salonkrasyvs.sk\/index.php?rest_route=\/wp\/v2\/types\/product"}],"wp:featuredmedia":[{"embeddable":true,"href":"https:\/\/salonkrasyvs.sk\/index.php?rest_route=\/wp\/v2\/media\/990673"}],"wp:attachment":[{"href":"https:\/\/salonkrasyvs.sk\/index.php?rest_route=%2Fwp%2Fv2%2Fmedia&parent=990672"}],"wp:term":[{"taxonomy":"product_brand","embeddable":true,"href":"https:\/\/salonkrasyvs.sk\/index.php?rest_route=%2Fwp%2Fv2%2Fproduct_brand&post=990672"},{"taxonomy":"product_cat","embeddable":true,"href":"https:\/\/salonkrasyvs.sk\/index.php?rest_route=%2Fwp%2Fv2%2Fproduct_cat&post=990672"},{"taxonomy":"product_tag","embeddable":true,"href":"https:\/\/salonkrasyvs.sk\/index.php?rest_route=%2Fwp%2Fv2%2Fproduct_tag&post=990672"}],"curies":[{"name":"wp","href":"https:\/\/api.w.org\/{rel}","templated":true}]}}