{"id":990670,"date":"2025-05-14T08:23:48","date_gmt":"2025-05-14T06:23:48","guid":{"rendered":"https:\/\/salonkrasyvs.sk\/?post_type=product&#038;p=990670"},"modified":"2025-05-17T17:42:14","modified_gmt":"2025-05-17T15:42:14","slug":"volume-shampoo-no-frizz","status":"publish","type":"product","link":"https:\/\/salonkrasyvs.sk\/?product=volume-shampoo-no-frizz","title":{"rendered":"Volume Shampoo No-Frizz \u2013 Veg\u00e1nsky \u0161amp\u00f3n pre objem a kontrolu krepovatenia 250 ml"},"content":{"rendered":"<p class=\"\" data-start=\"240\" data-end=\"565\">Volume Shampoo No-Frizz je veg\u00e1nsky \u0161amp\u00f3n navrhnut\u00fd pre jemn\u00e9 vlasy, ktor\u00e9 potrebuj\u00fa extra objem a kontrolu krepovatenia. Obohaten\u00fd o pr\u00edrodn\u00e9 zlo\u017eky jemne \u010dist\u00ed poko\u017eku hlavy a vlasy, bez toho, aby ich za\u0165a\u017eoval. Pom\u00e1ha zvy\u0161ova\u0165 hustotu a pru\u017enos\u0165 vlasov, pri\u010dom podporuje ich \u013eahk\u00fd, nad\u00fdchan\u00fd vzh\u013ead.<\/p>\n<p class=\"\" data-start=\"567\" data-end=\"750\">Pravideln\u00e9 pou\u017e\u00edvanie zanech\u00e1va vlasy hladk\u00e9, m\u00e4kk\u00e9 a pln\u00e9 objemu. Ide\u00e1lny v kombin\u00e1cii s Volume Conditioner No-Frizz alebo \u010fal\u0161\u00edmi produktmi z rovnak\u00e9ho radu pre maxim\u00e1lny efekt.<\/p>\n<p>&nbsp;<\/p>\n<p><img decoding=\"async\" data-attachment-id=\"990591\" data-permalink=\"https:\/\/salonkrasyvs.sk\/?attachment_id=990591\" data-orig-file=\"https:\/\/salonkrasyvs.sk\/wp-content\/uploads\/2025\/05\/flower-ikona.png\" data-orig-size=\"64,64\" data-comments-opened=\"1\" data-image-meta=\"{&quot;aperture&quot;:&quot;0&quot;,&quot;credit&quot;:&quot;&quot;,&quot;camera&quot;:&quot;&quot;,&quot;caption&quot;:&quot;&quot;,&quot;created_timestamp&quot;:&quot;0&quot;,&quot;copyright&quot;:&quot;&quot;,&quot;focal_length&quot;:&quot;0&quot;,&quot;iso&quot;:&quot;0&quot;,&quot;shutter_speed&quot;:&quot;0&quot;,&quot;title&quot;:&quot;&quot;,&quot;orientation&quot;:&quot;0&quot;}\" data-image-title=\"flower ikona\" data-image-description=\"\" data-image-caption=\"\" data-large-file=\"https:\/\/salonkrasyvs.sk\/wp-content\/uploads\/2025\/05\/flower-ikona.png\" class=\"alignnone wp-image-990591\" src=\"https:\/\/salonkrasyvs.sk\/wp-content\/uploads\/2025\/05\/flower-ikona.png\" alt=\"\" width=\"59\" height=\"59\" \/><\/p>\n<p><strong>V\u00fdhody:<\/strong><\/p>\n<ul>\n<li class=\"\" data-start=\"771\" data-end=\"810\">\n<p class=\"\" data-start=\"773\" data-end=\"810\">Dod\u00e1va objem jemn\u00fdm a tenk\u00fdm vlasom<\/p>\n<\/li>\n<li class=\"\" data-start=\"811\" data-end=\"850\">\n<p class=\"\" data-start=\"813\" data-end=\"850\">Uhladzuje a kontroluje krepovatenie<\/p>\n<\/li>\n<li class=\"\" data-start=\"851\" data-end=\"896\">\n<p class=\"\" data-start=\"853\" data-end=\"896\">Zanech\u00e1va vlasy \u013eahk\u00e9, nad\u00fdchan\u00e9 a pru\u017en\u00e9<\/p>\n<\/li>\n<li class=\"\" data-start=\"897\" data-end=\"943\">\n<p class=\"\" data-start=\"899\" data-end=\"943\">Veg\u00e1nske zlo\u017eenie bez parab\u00e9nov a sulf\u00e1tov<\/p>\n<\/li>\n<li class=\"\" data-start=\"944\" data-end=\"984\">\n<p class=\"\" data-start=\"946\" data-end=\"984\">Jemn\u00e9, \u0161etrn\u00e9 \u010distenie bez za\u0165a\u017eenia<\/p>\n<\/li>\n<\/ul>\n<p>&nbsp;<\/p>\n<p><img decoding=\"async\" data-attachment-id=\"990592\" data-permalink=\"https:\/\/salonkrasyvs.sk\/?attachment_id=990592\" data-orig-file=\"https:\/\/salonkrasyvs.sk\/wp-content\/uploads\/2025\/05\/hair-washing.png\" data-orig-size=\"64,64\" data-comments-opened=\"1\" data-image-meta=\"{&quot;aperture&quot;:&quot;0&quot;,&quot;credit&quot;:&quot;&quot;,&quot;camera&quot;:&quot;&quot;,&quot;caption&quot;:&quot;&quot;,&quot;created_timestamp&quot;:&quot;0&quot;,&quot;copyright&quot;:&quot;&quot;,&quot;focal_length&quot;:&quot;0&quot;,&quot;iso&quot;:&quot;0&quot;,&quot;shutter_speed&quot;:&quot;0&quot;,&quot;title&quot;:&quot;&quot;,&quot;orientation&quot;:&quot;0&quot;}\" data-image-title=\"hair-washing\" data-image-description=\"\" data-image-caption=\"\" data-large-file=\"https:\/\/salonkrasyvs.sk\/wp-content\/uploads\/2025\/05\/hair-washing.png\" class=\"alignnone size-full wp-image-990592\" src=\"https:\/\/salonkrasyvs.sk\/wp-content\/uploads\/2025\/05\/hair-washing.png\" alt=\"\" width=\"64\" height=\"64\" \/><\/p>\n<p><strong>Pou\u017eitie:<\/strong><\/p>\n<ol>\n<li class=\"\" data-start=\"1007\" data-end=\"1035\">\n<p class=\"\" data-start=\"1009\" data-end=\"1035\">Aplikujte na vlhk\u00e9 vlasy<\/p>\n<\/li>\n<li class=\"\" data-start=\"1036\" data-end=\"1081\">\n<p class=\"\" data-start=\"1038\" data-end=\"1081\">Jemne mas\u00edrujte do poko\u017eky hlavy a vlasov<\/p>\n<\/li>\n<li class=\"\" data-start=\"1082\" data-end=\"1105\">\n<p class=\"\" data-start=\"1084\" data-end=\"1105\">D\u00f4kladne opl\u00e1chnite<\/p>\n<\/li>\n<li class=\"\" data-start=\"1106\" data-end=\"1204\">\n<p class=\"\" data-start=\"1108\" data-end=\"1204\">Pre najlep\u0161\u00ed v\u00fdsledok pou\u017eite s Volume Conditioner No-Frizz alebo \u010fal\u0161\u00edmi produktmi z radu<\/p>\n<\/li>\n<\/ol>\n","protected":false},"excerpt":{"rendered":"<p>Veg\u00e1nsky \u0161amp\u00f3n pre jemn\u00e9 vlasy. Jemne \u010dist\u00ed, dod\u00e1va objem, uhladzuje a zachov\u00e1va prirodzen\u00fa \u013eahkos\u0165 vlasov.<\/p>\n","protected":false},"featured_media":990671,"template":"","meta":[],"product_brand":[],"product_cat":[95,94],"product_tag":[188,157,193,192,164,129,142,174],"class_list":{"0":"post-990670","1":"product","2":"type-product","3":"status-publish","4":"has-post-thumbnail","6":"product_cat-sampony","7":"product_cat-vlasova-kozmetika","8":"product_tag-bez-frizz-efektu","9":"product_tag-hydratacia","10":"product_tag-jemne-vlasy","11":"product_tag-objem-vlasov","12":"product_tag-posilnenie-vlasov","13":"product_tag-profesionalna-kozmetika","14":"product_tag-sampon","15":"product_tag-veganska-kozmetika","17":"first","18":"instock","19":"shipping-taxable","20":"purchasable","21":"product-type-simple"},"yoast_head":"<!-- This site is optimized with the Yoast SEO plugin v27.4 - https:\/\/yoast.com\/product\/yoast-seo-wordpress\/ -->\n<title>Volume Shampoo No-Frizz \u2013 Veg\u00e1nsky \u0161amp\u00f3n pre objem a kontrolu krepovatenia | 250 ml<\/title>\n<meta name=\"description\" content=\"Veg\u00e1nsky \u0161amp\u00f3n pre jemn\u00e9 vlasy, ktor\u00fd poskytuje objem, kontrolu krepatenia a \u013eahkos\u0165. Pre pln\u00e9, hladk\u00e9 a nad\u00fdchan\u00e9 vlasy.\" \/>\n<meta name=\"robots\" content=\"index, follow, max-snippet:-1, max-image-preview:large, max-video-preview:-1\" \/>\n<link rel=\"canonical\" href=\"https:\/\/salonkrasyvs.sk\/?product=volume-shampoo-no-frizz\" \/>\n<meta property=\"og:locale\" content=\"sk_SK\" \/>\n<meta property=\"og:type\" content=\"article\" \/>\n<meta property=\"og:title\" content=\"Volume Shampoo No-Frizz \u2013 Veg\u00e1nsky \u0161amp\u00f3n pre objem a kontrolu krepovatenia | 250 ml\" \/>\n<meta property=\"og:description\" content=\"Veg\u00e1nsky \u0161amp\u00f3n pre jemn\u00e9 vlasy, ktor\u00fd poskytuje objem, kontrolu krepatenia a \u013eahkos\u0165. Pre pln\u00e9, hladk\u00e9 a nad\u00fdchan\u00e9 vlasy.\" \/>\n<meta property=\"og:url\" content=\"https:\/\/salonkrasyvs.sk\/?product=volume-shampoo-no-frizz\" \/>\n<meta property=\"og:site_name\" content=\"Sal\u00f3n Kr\u00e1sy VS - kadern\u00edctvo, kozmetika, pedik\u00fara, microblading,\" \/>\n<meta property=\"article:modified_time\" content=\"2025-05-17T15:42:14+00:00\" \/>\n<meta property=\"og:image\" content=\"https:\/\/salonkrasyvs.sk\/wp-content\/uploads\/2025\/05\/volume-shampoo-no-frizz-e1747203749990.jpg\" \/>\n\t<meta property=\"og:image:width\" content=\"700\" \/>\n\t<meta property=\"og:image:height\" content=\"700\" \/>\n\t<meta property=\"og:image:type\" content=\"image\/jpeg\" \/>\n<meta name=\"twitter:card\" content=\"summary_large_image\" \/>\n<meta name=\"twitter:label1\" content=\"Predpokladan\u00fd \u010das \u010d\u00edtania\" \/>\n\t<meta name=\"twitter:data1\" content=\"2 min\u00faty\" \/>\n<script type=\"application\/ld+json\" class=\"yoast-schema-graph\">{\"@context\":\"https:\\\/\\\/schema.org\",\"@graph\":[{\"@type\":\"WebPage\",\"@id\":\"https:\\\/\\\/salonkrasyvs.sk\\\/?product=volume-shampoo-no-frizz\",\"url\":\"https:\\\/\\\/salonkrasyvs.sk\\\/?product=volume-shampoo-no-frizz\",\"name\":\"Volume Shampoo No-Frizz \u2013 Veg\u00e1nsky \u0161amp\u00f3n pre objem a kontrolu krepovatenia | 250 ml\",\"isPartOf\":{\"@id\":\"https:\\\/\\\/salonkrasyvs.sk\\\/#website\"},\"primaryImageOfPage\":{\"@id\":\"https:\\\/\\\/salonkrasyvs.sk\\\/?product=volume-shampoo-no-frizz#primaryimage\"},\"image\":{\"@id\":\"https:\\\/\\\/salonkrasyvs.sk\\\/?product=volume-shampoo-no-frizz#primaryimage\"},\"thumbnailUrl\":\"https:\\\/\\\/salonkrasyvs.sk\\\/wp-content\\\/uploads\\\/2025\\\/05\\\/volume-shampoo-no-frizz-e1747203749990.jpg\",\"datePublished\":\"2025-05-14T06:23:48+00:00\",\"dateModified\":\"2025-05-17T15:42:14+00:00\",\"description\":\"Veg\u00e1nsky \u0161amp\u00f3n pre jemn\u00e9 vlasy, ktor\u00fd poskytuje objem, kontrolu krepatenia a \u013eahkos\u0165. Pre pln\u00e9, hladk\u00e9 a nad\u00fdchan\u00e9 vlasy.\",\"breadcrumb\":{\"@id\":\"https:\\\/\\\/salonkrasyvs.sk\\\/?product=volume-shampoo-no-frizz#breadcrumb\"},\"inLanguage\":\"sk-SK\",\"potentialAction\":[{\"@type\":\"ReadAction\",\"target\":[\"https:\\\/\\\/salonkrasyvs.sk\\\/?product=volume-shampoo-no-frizz\"]}]},{\"@type\":\"ImageObject\",\"inLanguage\":\"sk-SK\",\"@id\":\"https:\\\/\\\/salonkrasyvs.sk\\\/?product=volume-shampoo-no-frizz#primaryimage\",\"url\":\"https:\\\/\\\/salonkrasyvs.sk\\\/wp-content\\\/uploads\\\/2025\\\/05\\\/volume-shampoo-no-frizz-e1747203749990.jpg\",\"contentUrl\":\"https:\\\/\\\/salonkrasyvs.sk\\\/wp-content\\\/uploads\\\/2025\\\/05\\\/volume-shampoo-no-frizz-e1747203749990.jpg\",\"width\":700,\"height\":700,\"caption\":\"Volume Shampoo No-Frizz \u2013 Veg\u00e1nsky \u0161amp\u00f3n pre objem a jemnos\u0165\"},{\"@type\":\"BreadcrumbList\",\"@id\":\"https:\\\/\\\/salonkrasyvs.sk\\\/?product=volume-shampoo-no-frizz#breadcrumb\",\"itemListElement\":[{\"@type\":\"ListItem\",\"position\":1,\"name\":\"Domovsk\u00e1 str\u00e1nka\",\"item\":\"https:\\\/\\\/salonkrasyvs.sk\\\/\"},{\"@type\":\"ListItem\",\"position\":2,\"name\":\"Obchod_zaloha\",\"item\":\"https:\\\/\\\/salonkrasyvs.sk\\\/?page_id=9697\"},{\"@type\":\"ListItem\",\"position\":3,\"name\":\"Volume Shampoo No-Frizz \u2013 Veg\u00e1nsky \u0161amp\u00f3n pre objem a kontrolu krepovatenia 250 ml\"}]},{\"@type\":\"WebSite\",\"@id\":\"https:\\\/\\\/salonkrasyvs.sk\\\/#website\",\"url\":\"https:\\\/\\\/salonkrasyvs.sk\\\/\",\"name\":\"Sal\u00f3n Kr\u00e1sy VS - kadern\u00edctvo, kozmetika, pedik\u00fara, microblading,\",\"description\":\"Sal\u00f3n Kr\u00e1sy kde sa o V\u00e1s postar\u00e1me : d\u00e1mske, p\u00e1nske kadern\u00edctvo, kozmetika, pedik\u00fara, manik\u00fara, microblading. Kvalitn\u00e1 vlasov\u00e1 kozmetika na na\u0161om e-shope: Milk shake,  Malibu C, Mon platin, Sans Soucis\",\"potentialAction\":[{\"@type\":\"SearchAction\",\"target\":{\"@type\":\"EntryPoint\",\"urlTemplate\":\"https:\\\/\\\/salonkrasyvs.sk\\\/?s={search_term_string}\"},\"query-input\":{\"@type\":\"PropertyValueSpecification\",\"valueRequired\":true,\"valueName\":\"search_term_string\"}}],\"inLanguage\":\"sk-SK\"}]}<\/script>\n<!-- \/ Yoast SEO plugin. -->","yoast_head_json":{"title":"Volume Shampoo No-Frizz \u2013 Veg\u00e1nsky \u0161amp\u00f3n pre objem a kontrolu krepovatenia | 250 ml","description":"Veg\u00e1nsky \u0161amp\u00f3n pre jemn\u00e9 vlasy, ktor\u00fd poskytuje objem, kontrolu krepatenia a \u013eahkos\u0165. Pre pln\u00e9, hladk\u00e9 a nad\u00fdchan\u00e9 vlasy.","robots":{"index":"index","follow":"follow","max-snippet":"max-snippet:-1","max-image-preview":"max-image-preview:large","max-video-preview":"max-video-preview:-1"},"canonical":"https:\/\/salonkrasyvs.sk\/?product=volume-shampoo-no-frizz","og_locale":"sk_SK","og_type":"article","og_title":"Volume Shampoo No-Frizz \u2013 Veg\u00e1nsky \u0161amp\u00f3n pre objem a kontrolu krepovatenia | 250 ml","og_description":"Veg\u00e1nsky \u0161amp\u00f3n pre jemn\u00e9 vlasy, ktor\u00fd poskytuje objem, kontrolu krepatenia a \u013eahkos\u0165. Pre pln\u00e9, hladk\u00e9 a nad\u00fdchan\u00e9 vlasy.","og_url":"https:\/\/salonkrasyvs.sk\/?product=volume-shampoo-no-frizz","og_site_name":"Sal\u00f3n Kr\u00e1sy VS - kadern\u00edctvo, kozmetika, pedik\u00fara, microblading,","article_modified_time":"2025-05-17T15:42:14+00:00","og_image":[{"width":700,"height":700,"url":"https:\/\/salonkrasyvs.sk\/wp-content\/uploads\/2025\/05\/volume-shampoo-no-frizz-e1747203749990.jpg","type":"image\/jpeg"}],"twitter_card":"summary_large_image","twitter_misc":{"Predpokladan\u00fd \u010das \u010d\u00edtania":"2 min\u00faty"},"schema":{"@context":"https:\/\/schema.org","@graph":[{"@type":"WebPage","@id":"https:\/\/salonkrasyvs.sk\/?product=volume-shampoo-no-frizz","url":"https:\/\/salonkrasyvs.sk\/?product=volume-shampoo-no-frizz","name":"Volume Shampoo No-Frizz \u2013 Veg\u00e1nsky \u0161amp\u00f3n pre objem a kontrolu krepovatenia | 250 ml","isPartOf":{"@id":"https:\/\/salonkrasyvs.sk\/#website"},"primaryImageOfPage":{"@id":"https:\/\/salonkrasyvs.sk\/?product=volume-shampoo-no-frizz#primaryimage"},"image":{"@id":"https:\/\/salonkrasyvs.sk\/?product=volume-shampoo-no-frizz#primaryimage"},"thumbnailUrl":"https:\/\/salonkrasyvs.sk\/wp-content\/uploads\/2025\/05\/volume-shampoo-no-frizz-e1747203749990.jpg","datePublished":"2025-05-14T06:23:48+00:00","dateModified":"2025-05-17T15:42:14+00:00","description":"Veg\u00e1nsky \u0161amp\u00f3n pre jemn\u00e9 vlasy, ktor\u00fd poskytuje objem, kontrolu krepatenia a \u013eahkos\u0165. Pre pln\u00e9, hladk\u00e9 a nad\u00fdchan\u00e9 vlasy.","breadcrumb":{"@id":"https:\/\/salonkrasyvs.sk\/?product=volume-shampoo-no-frizz#breadcrumb"},"inLanguage":"sk-SK","potentialAction":[{"@type":"ReadAction","target":["https:\/\/salonkrasyvs.sk\/?product=volume-shampoo-no-frizz"]}]},{"@type":"ImageObject","inLanguage":"sk-SK","@id":"https:\/\/salonkrasyvs.sk\/?product=volume-shampoo-no-frizz#primaryimage","url":"https:\/\/salonkrasyvs.sk\/wp-content\/uploads\/2025\/05\/volume-shampoo-no-frizz-e1747203749990.jpg","contentUrl":"https:\/\/salonkrasyvs.sk\/wp-content\/uploads\/2025\/05\/volume-shampoo-no-frizz-e1747203749990.jpg","width":700,"height":700,"caption":"Volume Shampoo No-Frizz \u2013 Veg\u00e1nsky \u0161amp\u00f3n pre objem a jemnos\u0165"},{"@type":"BreadcrumbList","@id":"https:\/\/salonkrasyvs.sk\/?product=volume-shampoo-no-frizz#breadcrumb","itemListElement":[{"@type":"ListItem","position":1,"name":"Domovsk\u00e1 str\u00e1nka","item":"https:\/\/salonkrasyvs.sk\/"},{"@type":"ListItem","position":2,"name":"Obchod_zaloha","item":"https:\/\/salonkrasyvs.sk\/?page_id=9697"},{"@type":"ListItem","position":3,"name":"Volume Shampoo No-Frizz \u2013 Veg\u00e1nsky \u0161amp\u00f3n pre objem a kontrolu krepovatenia 250 ml"}]},{"@type":"WebSite","@id":"https:\/\/salonkrasyvs.sk\/#website","url":"https:\/\/salonkrasyvs.sk\/","name":"Sal\u00f3n Kr\u00e1sy VS - kadern\u00edctvo, kozmetika, pedik\u00fara, microblading,","description":"Sal\u00f3n Kr\u00e1sy kde sa o V\u00e1s postar\u00e1me : d\u00e1mske, p\u00e1nske kadern\u00edctvo, kozmetika, pedik\u00fara, manik\u00fara, microblading. Kvalitn\u00e1 vlasov\u00e1 kozmetika na na\u0161om e-shope: Milk shake,  Malibu C, Mon platin, Sans Soucis","potentialAction":[{"@type":"SearchAction","target":{"@type":"EntryPoint","urlTemplate":"https:\/\/salonkrasyvs.sk\/?s={search_term_string}"},"query-input":{"@type":"PropertyValueSpecification","valueRequired":true,"valueName":"search_term_string"}}],"inLanguage":"sk-SK"}]}},"jetpack_sharing_enabled":true,"jetpack_likes_enabled":true,"_links":{"self":[{"href":"https:\/\/salonkrasyvs.sk\/index.php?rest_route=\/wp\/v2\/product\/990670","targetHints":{"allow":["GET"]}}],"collection":[{"href":"https:\/\/salonkrasyvs.sk\/index.php?rest_route=\/wp\/v2\/product"}],"about":[{"href":"https:\/\/salonkrasyvs.sk\/index.php?rest_route=\/wp\/v2\/types\/product"}],"wp:featuredmedia":[{"embeddable":true,"href":"https:\/\/salonkrasyvs.sk\/index.php?rest_route=\/wp\/v2\/media\/990671"}],"wp:attachment":[{"href":"https:\/\/salonkrasyvs.sk\/index.php?rest_route=%2Fwp%2Fv2%2Fmedia&parent=990670"}],"wp:term":[{"taxonomy":"product_brand","embeddable":true,"href":"https:\/\/salonkrasyvs.sk\/index.php?rest_route=%2Fwp%2Fv2%2Fproduct_brand&post=990670"},{"taxonomy":"product_cat","embeddable":true,"href":"https:\/\/salonkrasyvs.sk\/index.php?rest_route=%2Fwp%2Fv2%2Fproduct_cat&post=990670"},{"taxonomy":"product_tag","embeddable":true,"href":"https:\/\/salonkrasyvs.sk\/index.php?rest_route=%2Fwp%2Fv2%2Fproduct_tag&post=990670"}],"curies":[{"name":"wp","href":"https:\/\/api.w.org\/{rel}","templated":true}]}}