{"id":989946,"date":"2021-10-22T16:14:51","date_gmt":"2021-10-22T14:14:51","guid":{"rendered":"https:\/\/salonkrasyvs.sk\/?post_type=product&#038;p=989946"},"modified":"2025-05-19T07:43:06","modified_gmt":"2025-05-19T05:43:06","slug":"mon-platin-total-reviving-kondicioner-500-ml","status":"publish","type":"product","link":"https:\/\/salonkrasyvs.sk\/?product=mon-platin-total-reviving-kondicioner-500-ml","title":{"rendered":"Mon Platin &#8211; Total Reviving kondicion\u00e9r 500 ml"},"content":{"rendered":"<p>Obnovuj\u00faci kondicion\u00e9r, obohaten\u00fd o \u010dierny kavi\u00e1r. Kondicion\u00e9r pre intenz\u00edvnu starostlivos\u0165 a v\u00fd\u017eivu vlasov.<\/p>\n<p><strong>Akt\u00edvne l\u00e1tky:<\/strong><\/p>\n<ul>\n<li class=\"\" data-start=\"202\" data-end=\"277\">\n<p class=\"\" data-start=\"204\" data-end=\"277\"><strong data-start=\"204\" data-end=\"234\">V\u00fd\u0165a\u017eky z \u010dierneho kavi\u00e1ru<\/strong> \u2013 vy\u017eivuj\u00fa, regeneruj\u00fa a posil\u0148uj\u00fa vlasy<\/p>\n<\/li>\n<li class=\"\" data-start=\"278\" data-end=\"352\">\n<p class=\"\" data-start=\"280\" data-end=\"352\"><strong data-start=\"280\" data-end=\"306\">Vitam\u00edn B5 (panthenol)<\/strong> \u2013 hydratuje, zvy\u0161uje lesk a pru\u017enos\u0165 vlasov<\/p>\n<\/li>\n<li class=\"\" data-start=\"353\" data-end=\"486\">\n<p class=\"\" data-start=\"355\" data-end=\"486\"><strong data-start=\"355\" data-end=\"426\">Intenz\u00edvne antioxidanty (extrakty z gran\u00e1tov\u00e9ho jablka a pomaran\u010da)<\/strong> \u2013 chr\u00e1nia vlasy pred po\u0161koden\u00edm a podporuj\u00fa zdrav\u00fd vzh\u013ead<\/p>\n<\/li>\n<li class=\"\" data-start=\"487\" data-end=\"609\">\n<p class=\"\" data-start=\"489\" data-end=\"609\"><strong data-start=\"489\" data-end=\"533\">Macadamiov\u00fd, rakytn\u00edkov\u00fd a arg\u00e1nov\u00fd olej<\/strong> \u2013 chr\u00e1nia vlasy pred vysu\u0161en\u00edm, dod\u00e1vaj\u00fa im silu, hebkos\u0165 a prirodzen\u00fd lesk<\/p>\n<\/li>\n<\/ul>\n<p><strong>Pou\u017eitie:<\/strong>\u00a0Po umyt\u00ed \u0161amp\u00f3nom\u00a0<a href=\"https:\/\/salonkrasyvs.sk\/index.php\/product\/mon-platin-total-repair-sampon-500-ml\/\">Total\u00a0 Repair s \u010diernym kavi\u00e1rom<\/a>, naneste rovnomerne vrstvu kondicion\u00e9ru a vmas\u00edrujte do vlasov. Po\u010dkajte 2-3 min\u00faty a d\u00f4kladne opl\u00e1chnite.<\/p>\n","protected":false},"excerpt":{"rendered":"<p><em>Obnovuj\u00faci kondicion\u00e9r<\/em><\/p>\n","protected":false},"featured_media":989947,"template":"","meta":[],"product_brand":[],"product_cat":[96,94],"product_tag":[],"class_list":{"0":"post-989946","1":"product","2":"type-product","3":"status-publish","4":"has-post-thumbnail","6":"product_cat-kondicionery-a-masky","7":"product_cat-vlasova-kozmetika","9":"first","10":"instock","11":"shipping-taxable","12":"purchasable","13":"product-type-simple"},"yoast_head":"<!-- This site is optimized with the Yoast SEO plugin v27.4 - https:\/\/yoast.com\/product\/yoast-seo-wordpress\/ -->\n<title>Mon Platin - Total Reviving kondicion\u00e9r 500 ml - Sal\u00f3n Kr\u00e1sy VS - kadern\u00edctvo, kozmetika, pedik\u00fara, microblading,<\/title>\n<meta name=\"robots\" content=\"index, follow, max-snippet:-1, max-image-preview:large, max-video-preview:-1\" \/>\n<link rel=\"canonical\" href=\"https:\/\/salonkrasyvs.sk\/?product=mon-platin-total-reviving-kondicioner-500-ml\" \/>\n<meta property=\"og:locale\" content=\"sk_SK\" \/>\n<meta property=\"og:type\" content=\"article\" \/>\n<meta property=\"og:title\" content=\"Mon Platin - Total Reviving kondicion\u00e9r 500 ml - Sal\u00f3n Kr\u00e1sy VS - kadern\u00edctvo, kozmetika, pedik\u00fara, microblading,\" \/>\n<meta property=\"og:description\" content=\"Obnovuj\u00faci kondicion\u00e9r\" \/>\n<meta property=\"og:url\" content=\"https:\/\/salonkrasyvs.sk\/?product=mon-platin-total-reviving-kondicioner-500-ml\" \/>\n<meta property=\"og:site_name\" content=\"Sal\u00f3n Kr\u00e1sy VS - kadern\u00edctvo, kozmetika, pedik\u00fara, microblading,\" \/>\n<meta property=\"article:modified_time\" content=\"2025-05-19T05:43:06+00:00\" \/>\n<meta property=\"og:image\" content=\"https:\/\/salonkrasyvs.sk\/wp-content\/uploads\/2021\/10\/Total-reviving-hair-conditioner.jpg\" \/>\n\t<meta property=\"og:image:width\" content=\"800\" \/>\n\t<meta property=\"og:image:height\" content=\"800\" \/>\n\t<meta property=\"og:image:type\" content=\"image\/jpeg\" \/>\n<meta name=\"twitter:card\" content=\"summary_large_image\" \/>\n<meta name=\"twitter:label1\" content=\"Predpokladan\u00fd \u010das \u010d\u00edtania\" \/>\n\t<meta name=\"twitter:data1\" content=\"1 min\u00fata\" \/>\n<script type=\"application\/ld+json\" class=\"yoast-schema-graph\">{\"@context\":\"https:\\\/\\\/schema.org\",\"@graph\":[{\"@type\":\"WebPage\",\"@id\":\"https:\\\/\\\/salonkrasyvs.sk\\\/?product=mon-platin-total-reviving-kondicioner-500-ml\",\"url\":\"https:\\\/\\\/salonkrasyvs.sk\\\/?product=mon-platin-total-reviving-kondicioner-500-ml\",\"name\":\"Mon Platin - Total Reviving kondicion\u00e9r 500 ml - Sal\u00f3n Kr\u00e1sy VS - kadern\u00edctvo, kozmetika, pedik\u00fara, microblading,\",\"isPartOf\":{\"@id\":\"https:\\\/\\\/salonkrasyvs.sk\\\/#website\"},\"primaryImageOfPage\":{\"@id\":\"https:\\\/\\\/salonkrasyvs.sk\\\/?product=mon-platin-total-reviving-kondicioner-500-ml#primaryimage\"},\"image\":{\"@id\":\"https:\\\/\\\/salonkrasyvs.sk\\\/?product=mon-platin-total-reviving-kondicioner-500-ml#primaryimage\"},\"thumbnailUrl\":\"https:\\\/\\\/salonkrasyvs.sk\\\/wp-content\\\/uploads\\\/2021\\\/10\\\/Total-reviving-hair-conditioner.jpg\",\"datePublished\":\"2021-10-22T14:14:51+00:00\",\"dateModified\":\"2025-05-19T05:43:06+00:00\",\"breadcrumb\":{\"@id\":\"https:\\\/\\\/salonkrasyvs.sk\\\/?product=mon-platin-total-reviving-kondicioner-500-ml#breadcrumb\"},\"inLanguage\":\"sk-SK\",\"potentialAction\":[{\"@type\":\"ReadAction\",\"target\":[\"https:\\\/\\\/salonkrasyvs.sk\\\/?product=mon-platin-total-reviving-kondicioner-500-ml\"]}]},{\"@type\":\"ImageObject\",\"inLanguage\":\"sk-SK\",\"@id\":\"https:\\\/\\\/salonkrasyvs.sk\\\/?product=mon-platin-total-reviving-kondicioner-500-ml#primaryimage\",\"url\":\"https:\\\/\\\/salonkrasyvs.sk\\\/wp-content\\\/uploads\\\/2021\\\/10\\\/Total-reviving-hair-conditioner.jpg\",\"contentUrl\":\"https:\\\/\\\/salonkrasyvs.sk\\\/wp-content\\\/uploads\\\/2021\\\/10\\\/Total-reviving-hair-conditioner.jpg\",\"width\":800,\"height\":800},{\"@type\":\"BreadcrumbList\",\"@id\":\"https:\\\/\\\/salonkrasyvs.sk\\\/?product=mon-platin-total-reviving-kondicioner-500-ml#breadcrumb\",\"itemListElement\":[{\"@type\":\"ListItem\",\"position\":1,\"name\":\"Domovsk\u00e1 str\u00e1nka\",\"item\":\"https:\\\/\\\/salonkrasyvs.sk\\\/\"},{\"@type\":\"ListItem\",\"position\":2,\"name\":\"Obchod_zaloha\",\"item\":\"https:\\\/\\\/salonkrasyvs.sk\\\/?page_id=9697\"},{\"@type\":\"ListItem\",\"position\":3,\"name\":\"Mon Platin &#8211; Total Reviving kondicion\u00e9r 500 ml\"}]},{\"@type\":\"WebSite\",\"@id\":\"https:\\\/\\\/salonkrasyvs.sk\\\/#website\",\"url\":\"https:\\\/\\\/salonkrasyvs.sk\\\/\",\"name\":\"Sal\u00f3n Kr\u00e1sy VS - kadern\u00edctvo, kozmetika, pedik\u00fara, microblading,\",\"description\":\"Sal\u00f3n Kr\u00e1sy kde sa o V\u00e1s postar\u00e1me : d\u00e1mske, p\u00e1nske kadern\u00edctvo, kozmetika, pedik\u00fara, manik\u00fara, microblading. Kvalitn\u00e1 vlasov\u00e1 kozmetika na na\u0161om e-shope: Milk shake,  Malibu C, Mon platin, Sans Soucis\",\"potentialAction\":[{\"@type\":\"SearchAction\",\"target\":{\"@type\":\"EntryPoint\",\"urlTemplate\":\"https:\\\/\\\/salonkrasyvs.sk\\\/?s={search_term_string}\"},\"query-input\":{\"@type\":\"PropertyValueSpecification\",\"valueRequired\":true,\"valueName\":\"search_term_string\"}}],\"inLanguage\":\"sk-SK\"}]}<\/script>\n<!-- \/ Yoast SEO plugin. -->","yoast_head_json":{"title":"Mon Platin - Total Reviving kondicion\u00e9r 500 ml - Sal\u00f3n Kr\u00e1sy VS - kadern\u00edctvo, kozmetika, pedik\u00fara, microblading,","robots":{"index":"index","follow":"follow","max-snippet":"max-snippet:-1","max-image-preview":"max-image-preview:large","max-video-preview":"max-video-preview:-1"},"canonical":"https:\/\/salonkrasyvs.sk\/?product=mon-platin-total-reviving-kondicioner-500-ml","og_locale":"sk_SK","og_type":"article","og_title":"Mon Platin - Total Reviving kondicion\u00e9r 500 ml - Sal\u00f3n Kr\u00e1sy VS - kadern\u00edctvo, kozmetika, pedik\u00fara, microblading,","og_description":"Obnovuj\u00faci kondicion\u00e9r","og_url":"https:\/\/salonkrasyvs.sk\/?product=mon-platin-total-reviving-kondicioner-500-ml","og_site_name":"Sal\u00f3n Kr\u00e1sy VS - kadern\u00edctvo, kozmetika, pedik\u00fara, microblading,","article_modified_time":"2025-05-19T05:43:06+00:00","og_image":[{"width":800,"height":800,"url":"https:\/\/salonkrasyvs.sk\/wp-content\/uploads\/2021\/10\/Total-reviving-hair-conditioner.jpg","type":"image\/jpeg"}],"twitter_card":"summary_large_image","twitter_misc":{"Predpokladan\u00fd \u010das \u010d\u00edtania":"1 min\u00fata"},"schema":{"@context":"https:\/\/schema.org","@graph":[{"@type":"WebPage","@id":"https:\/\/salonkrasyvs.sk\/?product=mon-platin-total-reviving-kondicioner-500-ml","url":"https:\/\/salonkrasyvs.sk\/?product=mon-platin-total-reviving-kondicioner-500-ml","name":"Mon Platin - Total Reviving kondicion\u00e9r 500 ml - Sal\u00f3n Kr\u00e1sy VS - kadern\u00edctvo, kozmetika, pedik\u00fara, microblading,","isPartOf":{"@id":"https:\/\/salonkrasyvs.sk\/#website"},"primaryImageOfPage":{"@id":"https:\/\/salonkrasyvs.sk\/?product=mon-platin-total-reviving-kondicioner-500-ml#primaryimage"},"image":{"@id":"https:\/\/salonkrasyvs.sk\/?product=mon-platin-total-reviving-kondicioner-500-ml#primaryimage"},"thumbnailUrl":"https:\/\/salonkrasyvs.sk\/wp-content\/uploads\/2021\/10\/Total-reviving-hair-conditioner.jpg","datePublished":"2021-10-22T14:14:51+00:00","dateModified":"2025-05-19T05:43:06+00:00","breadcrumb":{"@id":"https:\/\/salonkrasyvs.sk\/?product=mon-platin-total-reviving-kondicioner-500-ml#breadcrumb"},"inLanguage":"sk-SK","potentialAction":[{"@type":"ReadAction","target":["https:\/\/salonkrasyvs.sk\/?product=mon-platin-total-reviving-kondicioner-500-ml"]}]},{"@type":"ImageObject","inLanguage":"sk-SK","@id":"https:\/\/salonkrasyvs.sk\/?product=mon-platin-total-reviving-kondicioner-500-ml#primaryimage","url":"https:\/\/salonkrasyvs.sk\/wp-content\/uploads\/2021\/10\/Total-reviving-hair-conditioner.jpg","contentUrl":"https:\/\/salonkrasyvs.sk\/wp-content\/uploads\/2021\/10\/Total-reviving-hair-conditioner.jpg","width":800,"height":800},{"@type":"BreadcrumbList","@id":"https:\/\/salonkrasyvs.sk\/?product=mon-platin-total-reviving-kondicioner-500-ml#breadcrumb","itemListElement":[{"@type":"ListItem","position":1,"name":"Domovsk\u00e1 str\u00e1nka","item":"https:\/\/salonkrasyvs.sk\/"},{"@type":"ListItem","position":2,"name":"Obchod_zaloha","item":"https:\/\/salonkrasyvs.sk\/?page_id=9697"},{"@type":"ListItem","position":3,"name":"Mon Platin &#8211; Total Reviving kondicion\u00e9r 500 ml"}]},{"@type":"WebSite","@id":"https:\/\/salonkrasyvs.sk\/#website","url":"https:\/\/salonkrasyvs.sk\/","name":"Sal\u00f3n Kr\u00e1sy VS - kadern\u00edctvo, kozmetika, pedik\u00fara, microblading,","description":"Sal\u00f3n Kr\u00e1sy kde sa o V\u00e1s postar\u00e1me : d\u00e1mske, p\u00e1nske kadern\u00edctvo, kozmetika, pedik\u00fara, manik\u00fara, microblading. Kvalitn\u00e1 vlasov\u00e1 kozmetika na na\u0161om e-shope: Milk shake,  Malibu C, Mon platin, Sans Soucis","potentialAction":[{"@type":"SearchAction","target":{"@type":"EntryPoint","urlTemplate":"https:\/\/salonkrasyvs.sk\/?s={search_term_string}"},"query-input":{"@type":"PropertyValueSpecification","valueRequired":true,"valueName":"search_term_string"}}],"inLanguage":"sk-SK"}]}},"jetpack_sharing_enabled":true,"jetpack_likes_enabled":true,"_links":{"self":[{"href":"https:\/\/salonkrasyvs.sk\/index.php?rest_route=\/wp\/v2\/product\/989946","targetHints":{"allow":["GET"]}}],"collection":[{"href":"https:\/\/salonkrasyvs.sk\/index.php?rest_route=\/wp\/v2\/product"}],"about":[{"href":"https:\/\/salonkrasyvs.sk\/index.php?rest_route=\/wp\/v2\/types\/product"}],"wp:featuredmedia":[{"embeddable":true,"href":"https:\/\/salonkrasyvs.sk\/index.php?rest_route=\/wp\/v2\/media\/989947"}],"wp:attachment":[{"href":"https:\/\/salonkrasyvs.sk\/index.php?rest_route=%2Fwp%2Fv2%2Fmedia&parent=989946"}],"wp:term":[{"taxonomy":"product_brand","embeddable":true,"href":"https:\/\/salonkrasyvs.sk\/index.php?rest_route=%2Fwp%2Fv2%2Fproduct_brand&post=989946"},{"taxonomy":"product_cat","embeddable":true,"href":"https:\/\/salonkrasyvs.sk\/index.php?rest_route=%2Fwp%2Fv2%2Fproduct_cat&post=989946"},{"taxonomy":"product_tag","embeddable":true,"href":"https:\/\/salonkrasyvs.sk\/index.php?rest_route=%2Fwp%2Fv2%2Fproduct_tag&post=989946"}],"curies":[{"name":"wp","href":"https:\/\/api.w.org\/{rel}","templated":true}]}}