{"id":989944,"date":"2021-10-22T16:06:04","date_gmt":"2021-10-22T14:06:04","guid":{"rendered":"https:\/\/salonkrasyvs.sk\/?post_type=product&#038;p=989944"},"modified":"2025-05-19T07:41:03","modified_gmt":"2025-05-19T05:41:03","slug":"mon-platin-total-clean-sampon-500-ml","status":"publish","type":"product","link":"https:\/\/salonkrasyvs.sk\/?product=mon-platin-total-clean-sampon-500-ml","title":{"rendered":"Mon Platin &#8211; Total Clean \u0161amp\u00f3n 500 ml"},"content":{"rendered":"<h3><strong>Mon Platin Total Clean \u010distiaci \u0161amp\u00f3n proti lupin\u00e1m\u00a0<\/strong><\/h3>\n<p>\u0160amp\u00f3n proti lupin\u00e1m, obohaten\u00fd o \u010dierny kavi\u00e1r. \u0160amp\u00f3n intenz\u00edvne \u010dist\u00ed vlasy a vlasov\u00fa poko\u017eku a odstra\u0148uje lupiny. Obnovuje, vyva\u017euje a obsahuje \u0161peci\u00e1lne prvky, ktor\u00e9 vy\u017eivuj\u00fa poko\u017eku hlavy a po lie\u010dbe zabra\u0148uj\u00fa tvorbe lup\u00edn.\u00a0 Zanech\u00e1va vlasy po dlhy \u010das jemn\u00e9, hebk\u00e9 a bez lup\u00edn.<\/p>\n<p><strong>Akt\u00edvne l\u00e1tky:\u00a0<\/strong><\/p>\n<ul>\n<li class=\"\" data-start=\"180\" data-end=\"258\">\n<p class=\"\" data-start=\"182\" data-end=\"258\"><strong data-start=\"182\" data-end=\"212\">V\u00fd\u0165a\u017eky z \u010dierneho kavi\u00e1ru<\/strong> \u2013 vy\u017eivuj\u00fa, regeneruj\u00fa a revitalizuj\u00fa vlasy<\/p>\n<\/li>\n<li class=\"\" data-start=\"259\" data-end=\"402\">\n<p class=\"\" data-start=\"261\" data-end=\"402\"><strong data-start=\"261\" data-end=\"323\">Siln\u00e9 antioxidanty (gran\u00e1tov\u00e9 jablko a extrakt z tea tree)<\/strong> \u2013 chr\u00e1nia pred po\u0161koden\u00edm, pom\u00e1haj\u00fa udr\u017eiava\u0165 farbu a prirodzen\u00fd lesk vlasov<\/p>\n<\/li>\n<li class=\"\" data-start=\"403\" data-end=\"474\">\n<p class=\"\" data-start=\"405\" data-end=\"474\"><strong data-start=\"405\" data-end=\"422\">Arg\u00e1nov\u00fd olej<\/strong> \u2013 intenz\u00edvne vy\u017eivuje a obnovuje \u0161trukt\u00faru vlasov<\/p>\n<\/li>\n<li class=\"\" data-start=\"475\" data-end=\"548\">\n<p class=\"\" data-start=\"477\" data-end=\"548\"><strong data-start=\"477\" data-end=\"497\">Rakytn\u00edkov\u00fd olej<\/strong> \u2013 posil\u0148uje vlasy, podporuje ich rast a pru\u017enos\u0165<\/p>\n<\/li>\n<li class=\"\" data-start=\"549\" data-end=\"629\">\n<p class=\"\" data-start=\"551\" data-end=\"629\"><strong data-start=\"551\" data-end=\"571\">Macadamiov\u00fd olej<\/strong> \u2013 zjem\u0148uje, uhladzuje a zvy\u0161uje lesk vlasov bez za\u0165a\u017eenia<\/p>\n<\/li>\n<\/ul>\n<p><strong>Pou\u017eitie:<\/strong>\u00a0Vmas\u00edrute do vlhk\u00fdch vlasov, po\u010dkajte 3 min\u00faty a d\u00f4kladne opl\u00e1chnite teplou vodou. Pre lep\u0161\u00ed v\u00fdsledok pou\u017e\u00edvajte \u0161amp\u00f3n 2x t\u00fd\u017edenne po\u010das prv\u00e9ho mesiaca lie\u010dby a potom prevent\u00edvne raz za t\u00fd\u017ede\u0148.<\/p>\n","protected":false},"excerpt":{"rendered":"<p><em>\u010cistiaci \u0161amp\u00f3n proti lupin\u00e1m\u00a0<\/em><\/p>\n","protected":false},"featured_media":989945,"template":"","meta":[],"product_brand":[],"product_cat":[95,94],"product_tag":[],"class_list":{"0":"post-989944","1":"product","2":"type-product","3":"status-publish","4":"has-post-thumbnail","6":"product_cat-sampony","7":"product_cat-vlasova-kozmetika","9":"first","10":"instock","11":"featured","12":"shipping-taxable","13":"purchasable","14":"product-type-simple"},"yoast_head":"<!-- This site is optimized with the Yoast SEO plugin v27.4 - https:\/\/yoast.com\/product\/yoast-seo-wordpress\/ -->\n<title>Mon Platin - Total Clean \u0161amp\u00f3n 500 ml - Sal\u00f3n Kr\u00e1sy VS - kadern\u00edctvo, kozmetika, pedik\u00fara, microblading,<\/title>\n<meta name=\"robots\" content=\"index, follow, max-snippet:-1, max-image-preview:large, max-video-preview:-1\" \/>\n<link rel=\"canonical\" href=\"https:\/\/salonkrasyvs.sk\/?product=mon-platin-total-clean-sampon-500-ml\" \/>\n<meta property=\"og:locale\" content=\"sk_SK\" \/>\n<meta property=\"og:type\" content=\"article\" \/>\n<meta property=\"og:title\" content=\"Mon Platin - Total Clean \u0161amp\u00f3n 500 ml - Sal\u00f3n Kr\u00e1sy VS - kadern\u00edctvo, kozmetika, pedik\u00fara, microblading,\" \/>\n<meta property=\"og:description\" content=\"\u010cistiaci \u0161amp\u00f3n proti lupin\u00e1m\u00a0\" \/>\n<meta property=\"og:url\" content=\"https:\/\/salonkrasyvs.sk\/?product=mon-platin-total-clean-sampon-500-ml\" \/>\n<meta property=\"og:site_name\" content=\"Sal\u00f3n Kr\u00e1sy VS - kadern\u00edctvo, kozmetika, pedik\u00fara, microblading,\" \/>\n<meta property=\"article:modified_time\" content=\"2025-05-19T05:41:03+00:00\" \/>\n<meta property=\"og:image\" content=\"https:\/\/salonkrasyvs.sk\/wp-content\/uploads\/2021\/10\/1f597aeb0bd469253d6b27378516f329-mmf400x400.jpg\" \/>\n\t<meta property=\"og:image:width\" content=\"400\" \/>\n\t<meta property=\"og:image:height\" content=\"400\" \/>\n\t<meta property=\"og:image:type\" content=\"image\/jpeg\" \/>\n<meta name=\"twitter:card\" content=\"summary_large_image\" \/>\n<meta name=\"twitter:label1\" content=\"Predpokladan\u00fd \u010das \u010d\u00edtania\" \/>\n\t<meta name=\"twitter:data1\" content=\"1 min\u00fata\" \/>\n<script type=\"application\/ld+json\" class=\"yoast-schema-graph\">{\"@context\":\"https:\\\/\\\/schema.org\",\"@graph\":[{\"@type\":\"WebPage\",\"@id\":\"https:\\\/\\\/salonkrasyvs.sk\\\/?product=mon-platin-total-clean-sampon-500-ml\",\"url\":\"https:\\\/\\\/salonkrasyvs.sk\\\/?product=mon-platin-total-clean-sampon-500-ml\",\"name\":\"Mon Platin - Total Clean \u0161amp\u00f3n 500 ml - Sal\u00f3n Kr\u00e1sy VS - kadern\u00edctvo, kozmetika, pedik\u00fara, microblading,\",\"isPartOf\":{\"@id\":\"https:\\\/\\\/salonkrasyvs.sk\\\/#website\"},\"primaryImageOfPage\":{\"@id\":\"https:\\\/\\\/salonkrasyvs.sk\\\/?product=mon-platin-total-clean-sampon-500-ml#primaryimage\"},\"image\":{\"@id\":\"https:\\\/\\\/salonkrasyvs.sk\\\/?product=mon-platin-total-clean-sampon-500-ml#primaryimage\"},\"thumbnailUrl\":\"https:\\\/\\\/salonkrasyvs.sk\\\/wp-content\\\/uploads\\\/2021\\\/10\\\/1f597aeb0bd469253d6b27378516f329-mmf400x400.jpg\",\"datePublished\":\"2021-10-22T14:06:04+00:00\",\"dateModified\":\"2025-05-19T05:41:03+00:00\",\"breadcrumb\":{\"@id\":\"https:\\\/\\\/salonkrasyvs.sk\\\/?product=mon-platin-total-clean-sampon-500-ml#breadcrumb\"},\"inLanguage\":\"sk-SK\",\"potentialAction\":[{\"@type\":\"ReadAction\",\"target\":[\"https:\\\/\\\/salonkrasyvs.sk\\\/?product=mon-platin-total-clean-sampon-500-ml\"]}]},{\"@type\":\"ImageObject\",\"inLanguage\":\"sk-SK\",\"@id\":\"https:\\\/\\\/salonkrasyvs.sk\\\/?product=mon-platin-total-clean-sampon-500-ml#primaryimage\",\"url\":\"https:\\\/\\\/salonkrasyvs.sk\\\/wp-content\\\/uploads\\\/2021\\\/10\\\/1f597aeb0bd469253d6b27378516f329-mmf400x400.jpg\",\"contentUrl\":\"https:\\\/\\\/salonkrasyvs.sk\\\/wp-content\\\/uploads\\\/2021\\\/10\\\/1f597aeb0bd469253d6b27378516f329-mmf400x400.jpg\",\"width\":400,\"height\":400},{\"@type\":\"BreadcrumbList\",\"@id\":\"https:\\\/\\\/salonkrasyvs.sk\\\/?product=mon-platin-total-clean-sampon-500-ml#breadcrumb\",\"itemListElement\":[{\"@type\":\"ListItem\",\"position\":1,\"name\":\"Domovsk\u00e1 str\u00e1nka\",\"item\":\"https:\\\/\\\/salonkrasyvs.sk\\\/\"},{\"@type\":\"ListItem\",\"position\":2,\"name\":\"Obchod_zaloha\",\"item\":\"https:\\\/\\\/salonkrasyvs.sk\\\/?page_id=9697\"},{\"@type\":\"ListItem\",\"position\":3,\"name\":\"Mon Platin &#8211; Total Clean \u0161amp\u00f3n 500 ml\"}]},{\"@type\":\"WebSite\",\"@id\":\"https:\\\/\\\/salonkrasyvs.sk\\\/#website\",\"url\":\"https:\\\/\\\/salonkrasyvs.sk\\\/\",\"name\":\"Sal\u00f3n Kr\u00e1sy VS - kadern\u00edctvo, kozmetika, pedik\u00fara, microblading,\",\"description\":\"Sal\u00f3n Kr\u00e1sy kde sa o V\u00e1s postar\u00e1me : d\u00e1mske, p\u00e1nske kadern\u00edctvo, kozmetika, pedik\u00fara, manik\u00fara, microblading. Kvalitn\u00e1 vlasov\u00e1 kozmetika na na\u0161om e-shope: Milk shake,  Malibu C, Mon platin, Sans Soucis\",\"potentialAction\":[{\"@type\":\"SearchAction\",\"target\":{\"@type\":\"EntryPoint\",\"urlTemplate\":\"https:\\\/\\\/salonkrasyvs.sk\\\/?s={search_term_string}\"},\"query-input\":{\"@type\":\"PropertyValueSpecification\",\"valueRequired\":true,\"valueName\":\"search_term_string\"}}],\"inLanguage\":\"sk-SK\"}]}<\/script>\n<!-- \/ Yoast SEO plugin. -->","yoast_head_json":{"title":"Mon Platin - Total Clean \u0161amp\u00f3n 500 ml - Sal\u00f3n Kr\u00e1sy VS - kadern\u00edctvo, kozmetika, pedik\u00fara, microblading,","robots":{"index":"index","follow":"follow","max-snippet":"max-snippet:-1","max-image-preview":"max-image-preview:large","max-video-preview":"max-video-preview:-1"},"canonical":"https:\/\/salonkrasyvs.sk\/?product=mon-platin-total-clean-sampon-500-ml","og_locale":"sk_SK","og_type":"article","og_title":"Mon Platin - Total Clean \u0161amp\u00f3n 500 ml - Sal\u00f3n Kr\u00e1sy VS - kadern\u00edctvo, kozmetika, pedik\u00fara, microblading,","og_description":"\u010cistiaci \u0161amp\u00f3n proti lupin\u00e1m\u00a0","og_url":"https:\/\/salonkrasyvs.sk\/?product=mon-platin-total-clean-sampon-500-ml","og_site_name":"Sal\u00f3n Kr\u00e1sy VS - kadern\u00edctvo, kozmetika, pedik\u00fara, microblading,","article_modified_time":"2025-05-19T05:41:03+00:00","og_image":[{"width":400,"height":400,"url":"https:\/\/salonkrasyvs.sk\/wp-content\/uploads\/2021\/10\/1f597aeb0bd469253d6b27378516f329-mmf400x400.jpg","type":"image\/jpeg"}],"twitter_card":"summary_large_image","twitter_misc":{"Predpokladan\u00fd \u010das \u010d\u00edtania":"1 min\u00fata"},"schema":{"@context":"https:\/\/schema.org","@graph":[{"@type":"WebPage","@id":"https:\/\/salonkrasyvs.sk\/?product=mon-platin-total-clean-sampon-500-ml","url":"https:\/\/salonkrasyvs.sk\/?product=mon-platin-total-clean-sampon-500-ml","name":"Mon Platin - Total Clean \u0161amp\u00f3n 500 ml - Sal\u00f3n Kr\u00e1sy VS - kadern\u00edctvo, kozmetika, pedik\u00fara, microblading,","isPartOf":{"@id":"https:\/\/salonkrasyvs.sk\/#website"},"primaryImageOfPage":{"@id":"https:\/\/salonkrasyvs.sk\/?product=mon-platin-total-clean-sampon-500-ml#primaryimage"},"image":{"@id":"https:\/\/salonkrasyvs.sk\/?product=mon-platin-total-clean-sampon-500-ml#primaryimage"},"thumbnailUrl":"https:\/\/salonkrasyvs.sk\/wp-content\/uploads\/2021\/10\/1f597aeb0bd469253d6b27378516f329-mmf400x400.jpg","datePublished":"2021-10-22T14:06:04+00:00","dateModified":"2025-05-19T05:41:03+00:00","breadcrumb":{"@id":"https:\/\/salonkrasyvs.sk\/?product=mon-platin-total-clean-sampon-500-ml#breadcrumb"},"inLanguage":"sk-SK","potentialAction":[{"@type":"ReadAction","target":["https:\/\/salonkrasyvs.sk\/?product=mon-platin-total-clean-sampon-500-ml"]}]},{"@type":"ImageObject","inLanguage":"sk-SK","@id":"https:\/\/salonkrasyvs.sk\/?product=mon-platin-total-clean-sampon-500-ml#primaryimage","url":"https:\/\/salonkrasyvs.sk\/wp-content\/uploads\/2021\/10\/1f597aeb0bd469253d6b27378516f329-mmf400x400.jpg","contentUrl":"https:\/\/salonkrasyvs.sk\/wp-content\/uploads\/2021\/10\/1f597aeb0bd469253d6b27378516f329-mmf400x400.jpg","width":400,"height":400},{"@type":"BreadcrumbList","@id":"https:\/\/salonkrasyvs.sk\/?product=mon-platin-total-clean-sampon-500-ml#breadcrumb","itemListElement":[{"@type":"ListItem","position":1,"name":"Domovsk\u00e1 str\u00e1nka","item":"https:\/\/salonkrasyvs.sk\/"},{"@type":"ListItem","position":2,"name":"Obchod_zaloha","item":"https:\/\/salonkrasyvs.sk\/?page_id=9697"},{"@type":"ListItem","position":3,"name":"Mon Platin &#8211; Total Clean \u0161amp\u00f3n 500 ml"}]},{"@type":"WebSite","@id":"https:\/\/salonkrasyvs.sk\/#website","url":"https:\/\/salonkrasyvs.sk\/","name":"Sal\u00f3n Kr\u00e1sy VS - kadern\u00edctvo, kozmetika, pedik\u00fara, microblading,","description":"Sal\u00f3n Kr\u00e1sy kde sa o V\u00e1s postar\u00e1me : d\u00e1mske, p\u00e1nske kadern\u00edctvo, kozmetika, pedik\u00fara, manik\u00fara, microblading. Kvalitn\u00e1 vlasov\u00e1 kozmetika na na\u0161om e-shope: Milk shake,  Malibu C, Mon platin, Sans Soucis","potentialAction":[{"@type":"SearchAction","target":{"@type":"EntryPoint","urlTemplate":"https:\/\/salonkrasyvs.sk\/?s={search_term_string}"},"query-input":{"@type":"PropertyValueSpecification","valueRequired":true,"valueName":"search_term_string"}}],"inLanguage":"sk-SK"}]}},"jetpack_sharing_enabled":true,"jetpack_likes_enabled":true,"_links":{"self":[{"href":"https:\/\/salonkrasyvs.sk\/index.php?rest_route=\/wp\/v2\/product\/989944","targetHints":{"allow":["GET"]}}],"collection":[{"href":"https:\/\/salonkrasyvs.sk\/index.php?rest_route=\/wp\/v2\/product"}],"about":[{"href":"https:\/\/salonkrasyvs.sk\/index.php?rest_route=\/wp\/v2\/types\/product"}],"wp:featuredmedia":[{"embeddable":true,"href":"https:\/\/salonkrasyvs.sk\/index.php?rest_route=\/wp\/v2\/media\/989945"}],"wp:attachment":[{"href":"https:\/\/salonkrasyvs.sk\/index.php?rest_route=%2Fwp%2Fv2%2Fmedia&parent=989944"}],"wp:term":[{"taxonomy":"product_brand","embeddable":true,"href":"https:\/\/salonkrasyvs.sk\/index.php?rest_route=%2Fwp%2Fv2%2Fproduct_brand&post=989944"},{"taxonomy":"product_cat","embeddable":true,"href":"https:\/\/salonkrasyvs.sk\/index.php?rest_route=%2Fwp%2Fv2%2Fproduct_cat&post=989944"},{"taxonomy":"product_tag","embeddable":true,"href":"https:\/\/salonkrasyvs.sk\/index.php?rest_route=%2Fwp%2Fv2%2Fproduct_tag&post=989944"}],"curies":[{"name":"wp","href":"https:\/\/api.w.org\/{rel}","templated":true}]}}