{"id":989918,"date":"2021-10-22T14:34:48","date_gmt":"2021-10-22T12:34:48","guid":{"rendered":"https:\/\/salonkrasyvs.sk\/?post_type=product&#038;p=989918"},"modified":"2025-05-19T07:48:02","modified_gmt":"2025-05-19T05:48:02","slug":"mon-platin-volumizer-sampon-500-ml","status":"publish","type":"product","link":"https:\/\/salonkrasyvs.sk\/?product=mon-platin-volumizer-sampon-500-ml","title":{"rendered":"Mon Platin &#8211; Volumizer \u0161amp\u00f3n 500 ml"},"content":{"rendered":"<h3>Mon Platin Volumizer objemov\u00fd \u0161amp\u00f3n<\/h3>\n<p>\u0160amp\u00f3n \u0161peci\u00e1lne ur\u010den\u00fd pre starostlivos\u0165 a ochranu jemn\u00fdch, krehk\u00fdch vlasov. Unik\u00e1tna formula dod\u00e1va objem a lep\u0161iu upravite\u013enos\u0165 \u00fa\u010desu. Vlasy vyzeraj\u00fa zdrav\u0161ie, pln\u0161ie a bohat\u0161ie. Obohaten\u00fd o extrakt z \u010dierneho kavi\u00e1ru, vitam\u00edn B3 a aminokyseliny glyc\u00ednu, ktor\u00e9 pom\u00e1haj\u00fa zachova\u0165 lesk a farbu vlasov. S vyv\u00e1\u017een\u00fdm pH.<\/p>\n<p><strong>Akt\u00edvne l\u00e1tky:<\/strong><\/p>\n<ul>\n<li class=\"\" data-start=\"148\" data-end=\"234\">\n<p class=\"\" data-start=\"150\" data-end=\"234\"><strong data-start=\"150\" data-end=\"180\">Extrakt z \u010dierneho kavi\u00e1ru<\/strong> \u2013 intenz\u00edvne vy\u017eivuje, regeneruje a posil\u0148uje vlasy<\/p>\n<\/li>\n<li class=\"\" data-start=\"235\" data-end=\"334\">\n<p class=\"\" data-start=\"237\" data-end=\"334\"><strong data-start=\"237\" data-end=\"260\">Vitam\u00edn B3 (niac\u00edn)<\/strong> \u2013 zlep\u0161uje mikrocirkul\u00e1ciu poko\u017eky hlavy a podporuje zdrav\u00fd rast vlasov<\/p>\n<\/li>\n<li class=\"\" data-start=\"335\" data-end=\"426\">\n<p class=\"\" data-start=\"337\" data-end=\"426\"><strong data-start=\"337\" data-end=\"362\">Aminokyseliny glyc\u00ednu<\/strong> \u2013 pom\u00e1haj\u00fa zachova\u0165 intenzitu farby vlasov a dod\u00e1vaj\u00fa im lesk<\/p>\n<\/li>\n<li class=\"\" data-start=\"427\" data-end=\"525\">\n<p class=\"\" data-start=\"429\" data-end=\"525\"><strong data-start=\"429\" data-end=\"462\">Prote\u00edny z p\u0161eni\u010dn\u00fdch kl\u00ed\u010dkov<\/strong> \u2013 vy\u017eivuj\u00fa vlasy, posil\u0148uj\u00fa ich \u0161trukt\u00faru a zvy\u0161uj\u00fa odolnos\u0165<\/p>\n<\/li>\n<li class=\"\" data-start=\"526\" data-end=\"645\">\n<p class=\"\" data-start=\"528\" data-end=\"645\"><strong data-start=\"528\" data-end=\"562\">Hydrolyzovan\u00fd hodv\u00e1bny prote\u00edn<\/strong> \u2013 zanech\u00e1va vlasy m\u00e4kk\u00e9, hladk\u00e9 a pr\u00edjemn\u00e9 na dotyk, z\u00e1rove\u0148 im dod\u00e1va extra objem<\/p>\n<\/li>\n<\/ul>\n<p><strong>Pou\u017eitie<\/strong>: Mal\u00e9 mno\u017estvo \u0161amp\u00f3nu naneste do mokr\u00fdch vlasov, premas\u00edrujte poko\u017eku hlavy aj korienky vlasov a d\u00f4kladne vypl\u00e1chnite. V pr\u00edpade potreby postup zopakujte.<\/p>\n","protected":false},"excerpt":{"rendered":"<p><em>\u0160amp\u00f3n na objem pre jemn\u00e9, tenk\u00e9 a krehk\u00e9 vlasy<\/em><\/p>\n","protected":false},"featured_media":989920,"template":"","meta":[],"product_brand":[],"product_cat":[95,94],"product_tag":[],"class_list":{"0":"post-989918","1":"product","2":"type-product","3":"status-publish","4":"has-post-thumbnail","6":"product_cat-sampony","7":"product_cat-vlasova-kozmetika","9":"first","10":"instock","11":"shipping-taxable","12":"purchasable","13":"product-type-simple"},"yoast_head":"<!-- This site is optimized with the Yoast SEO plugin v27.4 - https:\/\/yoast.com\/product\/yoast-seo-wordpress\/ -->\n<title>Mon Platin - Volumizer \u0161amp\u00f3n 500 ml - Sal\u00f3n Kr\u00e1sy VS - kadern\u00edctvo, kozmetika, pedik\u00fara, microblading,<\/title>\n<meta name=\"robots\" content=\"index, follow, max-snippet:-1, max-image-preview:large, max-video-preview:-1\" \/>\n<link rel=\"canonical\" href=\"https:\/\/salonkrasyvs.sk\/?product=mon-platin-volumizer-sampon-500-ml\" \/>\n<meta property=\"og:locale\" content=\"sk_SK\" \/>\n<meta property=\"og:type\" content=\"article\" \/>\n<meta property=\"og:title\" content=\"Mon Platin - Volumizer \u0161amp\u00f3n 500 ml - Sal\u00f3n Kr\u00e1sy VS - kadern\u00edctvo, kozmetika, pedik\u00fara, microblading,\" \/>\n<meta property=\"og:description\" content=\"\u0160amp\u00f3n na objem pre jemn\u00e9, tenk\u00e9 a krehk\u00e9 vlasy\" \/>\n<meta property=\"og:url\" content=\"https:\/\/salonkrasyvs.sk\/?product=mon-platin-volumizer-sampon-500-ml\" \/>\n<meta property=\"og:site_name\" content=\"Sal\u00f3n Kr\u00e1sy VS - kadern\u00edctvo, kozmetika, pedik\u00fara, microblading,\" \/>\n<meta property=\"article:modified_time\" content=\"2025-05-19T05:48:02+00:00\" \/>\n<meta property=\"og:image\" content=\"https:\/\/salonkrasyvs.sk\/wp-content\/uploads\/2021\/10\/2611.jpg\" \/>\n\t<meta property=\"og:image:width\" content=\"600\" \/>\n\t<meta property=\"og:image:height\" content=\"600\" \/>\n\t<meta property=\"og:image:type\" content=\"image\/jpeg\" \/>\n<meta name=\"twitter:card\" content=\"summary_large_image\" \/>\n<meta name=\"twitter:label1\" content=\"Predpokladan\u00fd \u010das \u010d\u00edtania\" \/>\n\t<meta name=\"twitter:data1\" content=\"1 min\u00fata\" \/>\n<script type=\"application\/ld+json\" class=\"yoast-schema-graph\">{\"@context\":\"https:\\\/\\\/schema.org\",\"@graph\":[{\"@type\":\"WebPage\",\"@id\":\"https:\\\/\\\/salonkrasyvs.sk\\\/?product=mon-platin-volumizer-sampon-500-ml\",\"url\":\"https:\\\/\\\/salonkrasyvs.sk\\\/?product=mon-platin-volumizer-sampon-500-ml\",\"name\":\"Mon Platin - Volumizer \u0161amp\u00f3n 500 ml - Sal\u00f3n Kr\u00e1sy VS - kadern\u00edctvo, kozmetika, pedik\u00fara, microblading,\",\"isPartOf\":{\"@id\":\"https:\\\/\\\/salonkrasyvs.sk\\\/#website\"},\"primaryImageOfPage\":{\"@id\":\"https:\\\/\\\/salonkrasyvs.sk\\\/?product=mon-platin-volumizer-sampon-500-ml#primaryimage\"},\"image\":{\"@id\":\"https:\\\/\\\/salonkrasyvs.sk\\\/?product=mon-platin-volumizer-sampon-500-ml#primaryimage\"},\"thumbnailUrl\":\"https:\\\/\\\/salonkrasyvs.sk\\\/wp-content\\\/uploads\\\/2021\\\/10\\\/2611.jpg\",\"datePublished\":\"2021-10-22T12:34:48+00:00\",\"dateModified\":\"2025-05-19T05:48:02+00:00\",\"breadcrumb\":{\"@id\":\"https:\\\/\\\/salonkrasyvs.sk\\\/?product=mon-platin-volumizer-sampon-500-ml#breadcrumb\"},\"inLanguage\":\"sk-SK\",\"potentialAction\":[{\"@type\":\"ReadAction\",\"target\":[\"https:\\\/\\\/salonkrasyvs.sk\\\/?product=mon-platin-volumizer-sampon-500-ml\"]}]},{\"@type\":\"ImageObject\",\"inLanguage\":\"sk-SK\",\"@id\":\"https:\\\/\\\/salonkrasyvs.sk\\\/?product=mon-platin-volumizer-sampon-500-ml#primaryimage\",\"url\":\"https:\\\/\\\/salonkrasyvs.sk\\\/wp-content\\\/uploads\\\/2021\\\/10\\\/2611.jpg\",\"contentUrl\":\"https:\\\/\\\/salonkrasyvs.sk\\\/wp-content\\\/uploads\\\/2021\\\/10\\\/2611.jpg\",\"width\":600,\"height\":600},{\"@type\":\"BreadcrumbList\",\"@id\":\"https:\\\/\\\/salonkrasyvs.sk\\\/?product=mon-platin-volumizer-sampon-500-ml#breadcrumb\",\"itemListElement\":[{\"@type\":\"ListItem\",\"position\":1,\"name\":\"Domovsk\u00e1 str\u00e1nka\",\"item\":\"https:\\\/\\\/salonkrasyvs.sk\\\/\"},{\"@type\":\"ListItem\",\"position\":2,\"name\":\"Obchod_zaloha\",\"item\":\"https:\\\/\\\/salonkrasyvs.sk\\\/?page_id=9697\"},{\"@type\":\"ListItem\",\"position\":3,\"name\":\"Mon Platin &#8211; Volumizer \u0161amp\u00f3n 500 ml\"}]},{\"@type\":\"WebSite\",\"@id\":\"https:\\\/\\\/salonkrasyvs.sk\\\/#website\",\"url\":\"https:\\\/\\\/salonkrasyvs.sk\\\/\",\"name\":\"Sal\u00f3n Kr\u00e1sy VS - kadern\u00edctvo, kozmetika, pedik\u00fara, microblading,\",\"description\":\"Sal\u00f3n Kr\u00e1sy kde sa o V\u00e1s postar\u00e1me : d\u00e1mske, p\u00e1nske kadern\u00edctvo, kozmetika, pedik\u00fara, manik\u00fara, microblading. Kvalitn\u00e1 vlasov\u00e1 kozmetika na na\u0161om e-shope: Milk shake,  Malibu C, Mon platin, Sans Soucis\",\"potentialAction\":[{\"@type\":\"SearchAction\",\"target\":{\"@type\":\"EntryPoint\",\"urlTemplate\":\"https:\\\/\\\/salonkrasyvs.sk\\\/?s={search_term_string}\"},\"query-input\":{\"@type\":\"PropertyValueSpecification\",\"valueRequired\":true,\"valueName\":\"search_term_string\"}}],\"inLanguage\":\"sk-SK\"}]}<\/script>\n<!-- \/ Yoast SEO plugin. -->","yoast_head_json":{"title":"Mon Platin - Volumizer \u0161amp\u00f3n 500 ml - Sal\u00f3n Kr\u00e1sy VS - kadern\u00edctvo, kozmetika, pedik\u00fara, microblading,","robots":{"index":"index","follow":"follow","max-snippet":"max-snippet:-1","max-image-preview":"max-image-preview:large","max-video-preview":"max-video-preview:-1"},"canonical":"https:\/\/salonkrasyvs.sk\/?product=mon-platin-volumizer-sampon-500-ml","og_locale":"sk_SK","og_type":"article","og_title":"Mon Platin - Volumizer \u0161amp\u00f3n 500 ml - Sal\u00f3n Kr\u00e1sy VS - kadern\u00edctvo, kozmetika, pedik\u00fara, microblading,","og_description":"\u0160amp\u00f3n na objem pre jemn\u00e9, tenk\u00e9 a krehk\u00e9 vlasy","og_url":"https:\/\/salonkrasyvs.sk\/?product=mon-platin-volumizer-sampon-500-ml","og_site_name":"Sal\u00f3n Kr\u00e1sy VS - kadern\u00edctvo, kozmetika, pedik\u00fara, microblading,","article_modified_time":"2025-05-19T05:48:02+00:00","og_image":[{"width":600,"height":600,"url":"https:\/\/salonkrasyvs.sk\/wp-content\/uploads\/2021\/10\/2611.jpg","type":"image\/jpeg"}],"twitter_card":"summary_large_image","twitter_misc":{"Predpokladan\u00fd \u010das \u010d\u00edtania":"1 min\u00fata"},"schema":{"@context":"https:\/\/schema.org","@graph":[{"@type":"WebPage","@id":"https:\/\/salonkrasyvs.sk\/?product=mon-platin-volumizer-sampon-500-ml","url":"https:\/\/salonkrasyvs.sk\/?product=mon-platin-volumizer-sampon-500-ml","name":"Mon Platin - Volumizer \u0161amp\u00f3n 500 ml - Sal\u00f3n Kr\u00e1sy VS - kadern\u00edctvo, kozmetika, pedik\u00fara, microblading,","isPartOf":{"@id":"https:\/\/salonkrasyvs.sk\/#website"},"primaryImageOfPage":{"@id":"https:\/\/salonkrasyvs.sk\/?product=mon-platin-volumizer-sampon-500-ml#primaryimage"},"image":{"@id":"https:\/\/salonkrasyvs.sk\/?product=mon-platin-volumizer-sampon-500-ml#primaryimage"},"thumbnailUrl":"https:\/\/salonkrasyvs.sk\/wp-content\/uploads\/2021\/10\/2611.jpg","datePublished":"2021-10-22T12:34:48+00:00","dateModified":"2025-05-19T05:48:02+00:00","breadcrumb":{"@id":"https:\/\/salonkrasyvs.sk\/?product=mon-platin-volumizer-sampon-500-ml#breadcrumb"},"inLanguage":"sk-SK","potentialAction":[{"@type":"ReadAction","target":["https:\/\/salonkrasyvs.sk\/?product=mon-platin-volumizer-sampon-500-ml"]}]},{"@type":"ImageObject","inLanguage":"sk-SK","@id":"https:\/\/salonkrasyvs.sk\/?product=mon-platin-volumizer-sampon-500-ml#primaryimage","url":"https:\/\/salonkrasyvs.sk\/wp-content\/uploads\/2021\/10\/2611.jpg","contentUrl":"https:\/\/salonkrasyvs.sk\/wp-content\/uploads\/2021\/10\/2611.jpg","width":600,"height":600},{"@type":"BreadcrumbList","@id":"https:\/\/salonkrasyvs.sk\/?product=mon-platin-volumizer-sampon-500-ml#breadcrumb","itemListElement":[{"@type":"ListItem","position":1,"name":"Domovsk\u00e1 str\u00e1nka","item":"https:\/\/salonkrasyvs.sk\/"},{"@type":"ListItem","position":2,"name":"Obchod_zaloha","item":"https:\/\/salonkrasyvs.sk\/?page_id=9697"},{"@type":"ListItem","position":3,"name":"Mon Platin &#8211; Volumizer \u0161amp\u00f3n 500 ml"}]},{"@type":"WebSite","@id":"https:\/\/salonkrasyvs.sk\/#website","url":"https:\/\/salonkrasyvs.sk\/","name":"Sal\u00f3n Kr\u00e1sy VS - kadern\u00edctvo, kozmetika, pedik\u00fara, microblading,","description":"Sal\u00f3n Kr\u00e1sy kde sa o V\u00e1s postar\u00e1me : d\u00e1mske, p\u00e1nske kadern\u00edctvo, kozmetika, pedik\u00fara, manik\u00fara, microblading. Kvalitn\u00e1 vlasov\u00e1 kozmetika na na\u0161om e-shope: Milk shake,  Malibu C, Mon platin, Sans Soucis","potentialAction":[{"@type":"SearchAction","target":{"@type":"EntryPoint","urlTemplate":"https:\/\/salonkrasyvs.sk\/?s={search_term_string}"},"query-input":{"@type":"PropertyValueSpecification","valueRequired":true,"valueName":"search_term_string"}}],"inLanguage":"sk-SK"}]}},"jetpack_sharing_enabled":true,"jetpack_likes_enabled":true,"_links":{"self":[{"href":"https:\/\/salonkrasyvs.sk\/index.php?rest_route=\/wp\/v2\/product\/989918","targetHints":{"allow":["GET"]}}],"collection":[{"href":"https:\/\/salonkrasyvs.sk\/index.php?rest_route=\/wp\/v2\/product"}],"about":[{"href":"https:\/\/salonkrasyvs.sk\/index.php?rest_route=\/wp\/v2\/types\/product"}],"wp:featuredmedia":[{"embeddable":true,"href":"https:\/\/salonkrasyvs.sk\/index.php?rest_route=\/wp\/v2\/media\/989920"}],"wp:attachment":[{"href":"https:\/\/salonkrasyvs.sk\/index.php?rest_route=%2Fwp%2Fv2%2Fmedia&parent=989918"}],"wp:term":[{"taxonomy":"product_brand","embeddable":true,"href":"https:\/\/salonkrasyvs.sk\/index.php?rest_route=%2Fwp%2Fv2%2Fproduct_brand&post=989918"},{"taxonomy":"product_cat","embeddable":true,"href":"https:\/\/salonkrasyvs.sk\/index.php?rest_route=%2Fwp%2Fv2%2Fproduct_cat&post=989918"},{"taxonomy":"product_tag","embeddable":true,"href":"https:\/\/salonkrasyvs.sk\/index.php?rest_route=%2Fwp%2Fv2%2Fproduct_tag&post=989918"}],"curies":[{"name":"wp","href":"https:\/\/api.w.org\/{rel}","templated":true}]}}