{"id":989872,"date":"2021-10-12T17:54:15","date_gmt":"2021-10-12T15:54:15","guid":{"rendered":"https:\/\/salonkrasyvs.sk\/?post_type=product&#038;p=989872"},"modified":"2025-05-19T06:59:53","modified_gmt":"2025-05-19T04:59:53","slug":"malibu-c-swimmers-wellness-balicek","status":"publish","type":"product","link":"https:\/\/salonkrasyvs.sk\/?product=malibu-c-swimmers-wellness-balicek","title":{"rendered":"Malibu C &#8211; Swimmers Wellness bal\u00ed\u010dek"},"content":{"rendered":"<h3>SWIMMER WELLNESS sada<\/h3>\n<p>Jedine\u010dn\u00e1 sada pre plavcov chr\u00e1ni vlasy pred vplyvmi vody slanej aj sladkej. Vlasy a ich farba tak zost\u00e1vaj\u00fa v perfektnej kond\u00edcii vo vode i mimo.<\/p>\n<p><strong>Sada obsahuje: \u0161amp\u00f3n (266 ml), kondicion\u00e9r (266 ml) a 4 Wellness s\u00e1\u010dky s kry\u0161talick\u00fdm pr\u00edpravkom (4 x 5 g)<\/strong><\/p>\n<p>Sada vy\u017eivuje, posil\u0148uje a chr\u00e1ni vlasy proti po\u0161kodeniu a ne\u017eiaducim farebn\u00fdm t\u00f3nom sp\u00f4soben\u00fdch vodou z baz\u00e9na alebo mora. Odstra\u0148uje tie\u017e n\u00e1nosy medi, ktor\u00e9 tvoria nechcen\u00e9 zelen\u00e9 odtiene. Pr\u00edrodn\u00e9 prote\u00edny vlasy posil\u0148uj\u00fa a dod\u00e1vaj\u00fa vlasom pohyb a objem. Swimmers Wellness vrecko obsahuje kry\u0161talick\u00fd vitam\u00edn C, ktor\u00fd akt\u00edvne a do h\u013abky \u010dist\u00ed vlas a poko\u017eku hlavy. Pr\u00edpravky s\u00fa 100% vegan, bez sulf\u00e1tov, parab\u00e9nov, chloridu sodn\u00e9ho a umel\u00fdch parfum\u00e1ciou.<\/p>\n<p><strong>Akt\u00edvne l\u00e1tky:<\/strong><\/p>\n<ul>\n<li class=\"\" data-start=\"250\" data-end=\"301\">\n<p class=\"\" data-start=\"252\" data-end=\"301\"><strong data-start=\"252\" data-end=\"264\">Alanto\u00edn<\/strong> \u2013 chr\u00e1ni a upokojuje poko\u017eku hlavy<\/p>\n<\/li>\n<li class=\"\" data-start=\"302\" data-end=\"419\">\n<p class=\"\" data-start=\"304\" data-end=\"419\"><strong data-start=\"304\" data-end=\"317\">Vitam\u00edn C<\/strong> \u2013 pr\u00edrodn\u00fd vitam\u00edn C, ktor\u00fd \u010dist\u00ed vlasy do h\u013abky a odstra\u0148uje ne\u017eiaduce miner\u00e1ly usaden\u00e9 na vlasoch<\/p>\n<\/li>\n<li class=\"\" data-start=\"420\" data-end=\"521\">\n<p class=\"\" data-start=\"422\" data-end=\"521\"><strong data-start=\"422\" data-end=\"433\">Betaine<\/strong> \u2013 deriv\u00e1t z cukrovej repy, ktor\u00fd posil\u0148uje vlasov\u00e9 vl\u00e1kno a chr\u00e1ni ho pred l\u00e1mavos\u0165ou<\/p>\n<\/li>\n<li class=\"\" data-start=\"522\" data-end=\"643\">\n<p class=\"\" data-start=\"524\" data-end=\"643\"><strong data-start=\"524\" data-end=\"542\">\u013danov\u00fd prote\u00edn<\/strong> \u2013 pr\u00edrodn\u00fd prote\u00edn, ktor\u00fd hydratuje a zjem\u0148uje vlasy a z\u00e1rove\u0148 vytv\u00e1ra prirodzen\u00fa ochrann\u00fa bari\u00e9ru<\/p>\n<\/li>\n<li class=\"\" data-start=\"644\" data-end=\"742\">\n<p class=\"\" data-start=\"646\" data-end=\"742\"><strong data-start=\"646\" data-end=\"676\">Panthenol (pro-vitam\u00edn B5)<\/strong> \u2013 prenik\u00e1 do h\u013abky vlasov a vyrovn\u00e1va ich prirodzen\u00fa hydrat\u00e1ciu<\/p>\n<\/li>\n<li class=\"\" data-start=\"743\" data-end=\"814\">\n<p class=\"\" data-start=\"745\" data-end=\"814\"><strong data-start=\"745\" data-end=\"763\">Ry\u017eov\u00fd prote\u00edn<\/strong> \u2013 dod\u00e1va vlasom objem a uhladzuje kutikulu vlasu<\/p>\n<\/li>\n<li class=\"\" data-start=\"815\" data-end=\"893\">\n<p class=\"\" data-start=\"817\" data-end=\"893\"><strong data-start=\"817\" data-end=\"830\">Vitam\u00edn E<\/strong> \u2013 siln\u00fd antioxidant, ktor\u00fd chr\u00e1ni integritu vlasov a ich farbu<\/p>\n<\/li>\n<\/ul>\n<p><strong>Pou\u017eitie:<\/strong><\/p>\n<p><em>\u0160amp\u00f3n:<\/em> Nape\u0148te v mokr\u00fdch vlasoch a vmas\u00edrujte do poko\u017eky hlavy, nechajte p\u00f4sobi\u0165 a d\u00f4kladne opl\u00e1chnite.<\/p>\n<p><em>Kondicion\u00e9r:<\/em> Vmas\u00edrujte do mokr\u00fdch vlasov poko\u017eky hlavy, nechajte p\u00f4sobi\u0165 a d\u00f4kladne opl\u00e1chnite.<\/p>\n<p><em>Wellness vreck\u00e1<\/em>: Umyte vlasy \u0161amp\u00f3nom a opl\u00e1chnite. Obsah vrec\u00fa\u0161ka vysypte do ruky, premas\u00edrujte medzi dla\u0148ami a pridajte 30 ml vody, aby sa rozpustili kry\u0161t\u00e1ly. Aplikujte do vlasov a postl\u00e1\u010dajte. Nechajte p\u00f4sobi\u0165 5 min\u00fat, umyte \u0161amp\u00f3nom a d\u00f4kladne opl\u00e1chnite. Potom aplikujte kondicion\u00e9r a d\u00f4kladne opl\u00e1chnite.<\/p>\n","protected":false},"excerpt":{"rendered":"<p>SWIMMER WELLNESS sada Jedine\u010dn\u00e1 sada pre plavcov chr\u00e1ni vlasy pred vplyvmi vody slanej aj sladkej. Vlasy a ich farba tak zost\u00e1vaj\u00fa v perfektnej kond\u00edcii vo vode i mimo. Sada obsahuje: \u0161amp\u00f3n (266 ml), kondicion\u00e9r (266 ml) a 4 Wellness s\u00e1\u010dky s kry\u0161talick\u00fdm pr\u00edpravkom (4 x 5 g) Sada vy\u017eivuje, posil\u0148uje a chr\u00e1ni vlasy proti po\u0161kodeniu [&hellip;]<\/p>\n","protected":false},"featured_media":989873,"template":"","meta":[],"product_brand":[],"product_cat":[94,106],"product_tag":[],"class_list":{"0":"post-989872","1":"product","2":"type-product","3":"status-publish","4":"has-post-thumbnail","6":"product_cat-vlasova-kozmetika","7":"product_cat-vyhodne-balicky","9":"first","10":"instock","11":"shipping-taxable","12":"purchasable","13":"product-type-simple"},"yoast_head":"<!-- This site is optimized with the Yoast SEO plugin v27.5 - https:\/\/yoast.com\/product\/yoast-seo-wordpress\/ -->\n<title>Malibu C - Swimmers Wellness bal\u00ed\u010dek - Sal\u00f3n Kr\u00e1sy VS - kadern\u00edctvo, kozmetika, pedik\u00fara, microblading,<\/title>\n<meta name=\"robots\" content=\"index, follow, max-snippet:-1, max-image-preview:large, max-video-preview:-1\" \/>\n<link rel=\"canonical\" href=\"https:\/\/salonkrasyvs.sk\/?product=malibu-c-swimmers-wellness-balicek\" \/>\n<meta property=\"og:locale\" content=\"sk_SK\" \/>\n<meta property=\"og:type\" content=\"article\" \/>\n<meta property=\"og:title\" content=\"Malibu C - Swimmers Wellness bal\u00ed\u010dek - Sal\u00f3n Kr\u00e1sy VS - kadern\u00edctvo, kozmetika, pedik\u00fara, microblading,\" \/>\n<meta property=\"og:description\" content=\"SWIMMER WELLNESS sada Jedine\u010dn\u00e1 sada pre plavcov chr\u00e1ni vlasy pred vplyvmi vody slanej aj sladkej. Vlasy a ich farba tak zost\u00e1vaj\u00fa v perfektnej kond\u00edcii vo vode i mimo. Sada obsahuje: \u0161amp\u00f3n (266 ml), kondicion\u00e9r (266 ml) a 4 Wellness s\u00e1\u010dky s kry\u0161talick\u00fdm pr\u00edpravkom (4 x 5 g) Sada vy\u017eivuje, posil\u0148uje a chr\u00e1ni vlasy proti po\u0161kodeniu [&hellip;]\" \/>\n<meta property=\"og:url\" content=\"https:\/\/salonkrasyvs.sk\/?product=malibu-c-swimmers-wellness-balicek\" \/>\n<meta property=\"og:site_name\" content=\"Sal\u00f3n Kr\u00e1sy VS - kadern\u00edctvo, kozmetika, pedik\u00fara, microblading,\" \/>\n<meta property=\"article:modified_time\" content=\"2025-05-19T04:59:53+00:00\" \/>\n<meta property=\"og:image\" content=\"https:\/\/salonkrasyvs.sk\/wp-content\/uploads\/2021\/10\/906553.jpg\" \/>\n\t<meta property=\"og:image:width\" content=\"500\" \/>\n\t<meta property=\"og:image:height\" content=\"500\" \/>\n\t<meta property=\"og:image:type\" content=\"image\/jpeg\" \/>\n<meta name=\"twitter:card\" content=\"summary_large_image\" \/>\n<meta name=\"twitter:label1\" content=\"Predpokladan\u00fd \u010das \u010d\u00edtania\" \/>\n\t<meta name=\"twitter:data1\" content=\"2 min\u00faty\" \/>\n<script type=\"application\/ld+json\" class=\"yoast-schema-graph\">{\"@context\":\"https:\\\/\\\/schema.org\",\"@graph\":[{\"@type\":\"WebPage\",\"@id\":\"https:\\\/\\\/salonkrasyvs.sk\\\/?product=malibu-c-swimmers-wellness-balicek\",\"url\":\"https:\\\/\\\/salonkrasyvs.sk\\\/?product=malibu-c-swimmers-wellness-balicek\",\"name\":\"Malibu C - Swimmers Wellness bal\u00ed\u010dek - Sal\u00f3n Kr\u00e1sy VS - kadern\u00edctvo, kozmetika, pedik\u00fara, microblading,\",\"isPartOf\":{\"@id\":\"https:\\\/\\\/salonkrasyvs.sk\\\/#website\"},\"primaryImageOfPage\":{\"@id\":\"https:\\\/\\\/salonkrasyvs.sk\\\/?product=malibu-c-swimmers-wellness-balicek#primaryimage\"},\"image\":{\"@id\":\"https:\\\/\\\/salonkrasyvs.sk\\\/?product=malibu-c-swimmers-wellness-balicek#primaryimage\"},\"thumbnailUrl\":\"https:\\\/\\\/salonkrasyvs.sk\\\/wp-content\\\/uploads\\\/2021\\\/10\\\/906553.jpg\",\"datePublished\":\"2021-10-12T15:54:15+00:00\",\"dateModified\":\"2025-05-19T04:59:53+00:00\",\"breadcrumb\":{\"@id\":\"https:\\\/\\\/salonkrasyvs.sk\\\/?product=malibu-c-swimmers-wellness-balicek#breadcrumb\"},\"inLanguage\":\"sk-SK\",\"potentialAction\":[{\"@type\":\"ReadAction\",\"target\":[\"https:\\\/\\\/salonkrasyvs.sk\\\/?product=malibu-c-swimmers-wellness-balicek\"]}]},{\"@type\":\"ImageObject\",\"inLanguage\":\"sk-SK\",\"@id\":\"https:\\\/\\\/salonkrasyvs.sk\\\/?product=malibu-c-swimmers-wellness-balicek#primaryimage\",\"url\":\"https:\\\/\\\/salonkrasyvs.sk\\\/wp-content\\\/uploads\\\/2021\\\/10\\\/906553.jpg\",\"contentUrl\":\"https:\\\/\\\/salonkrasyvs.sk\\\/wp-content\\\/uploads\\\/2021\\\/10\\\/906553.jpg\",\"width\":500,\"height\":500},{\"@type\":\"BreadcrumbList\",\"@id\":\"https:\\\/\\\/salonkrasyvs.sk\\\/?product=malibu-c-swimmers-wellness-balicek#breadcrumb\",\"itemListElement\":[{\"@type\":\"ListItem\",\"position\":1,\"name\":\"Domovsk\u00e1 str\u00e1nka\",\"item\":\"https:\\\/\\\/salonkrasyvs.sk\\\/\"},{\"@type\":\"ListItem\",\"position\":2,\"name\":\"Obchod_zaloha\",\"item\":\"https:\\\/\\\/salonkrasyvs.sk\\\/?page_id=9697\"},{\"@type\":\"ListItem\",\"position\":3,\"name\":\"Malibu C &#8211; Swimmers Wellness bal\u00ed\u010dek\"}]},{\"@type\":\"WebSite\",\"@id\":\"https:\\\/\\\/salonkrasyvs.sk\\\/#website\",\"url\":\"https:\\\/\\\/salonkrasyvs.sk\\\/\",\"name\":\"Sal\u00f3n Kr\u00e1sy VS - kadern\u00edctvo, kozmetika, pedik\u00fara, microblading,\",\"description\":\"Sal\u00f3n Kr\u00e1sy kde sa o V\u00e1s postar\u00e1me : d\u00e1mske, p\u00e1nske kadern\u00edctvo, kozmetika, pedik\u00fara, manik\u00fara, microblading. Kvalitn\u00e1 vlasov\u00e1 kozmetika na na\u0161om e-shope: Milk shake,  Malibu C, Mon platin, Sans Soucis\",\"potentialAction\":[{\"@type\":\"SearchAction\",\"target\":{\"@type\":\"EntryPoint\",\"urlTemplate\":\"https:\\\/\\\/salonkrasyvs.sk\\\/?s={search_term_string}\"},\"query-input\":{\"@type\":\"PropertyValueSpecification\",\"valueRequired\":true,\"valueName\":\"search_term_string\"}}],\"inLanguage\":\"sk-SK\"}]}<\/script>\n<!-- \/ Yoast SEO plugin. -->","yoast_head_json":{"title":"Malibu C - Swimmers Wellness bal\u00ed\u010dek - Sal\u00f3n Kr\u00e1sy VS - kadern\u00edctvo, kozmetika, pedik\u00fara, microblading,","robots":{"index":"index","follow":"follow","max-snippet":"max-snippet:-1","max-image-preview":"max-image-preview:large","max-video-preview":"max-video-preview:-1"},"canonical":"https:\/\/salonkrasyvs.sk\/?product=malibu-c-swimmers-wellness-balicek","og_locale":"sk_SK","og_type":"article","og_title":"Malibu C - Swimmers Wellness bal\u00ed\u010dek - Sal\u00f3n Kr\u00e1sy VS - kadern\u00edctvo, kozmetika, pedik\u00fara, microblading,","og_description":"SWIMMER WELLNESS sada Jedine\u010dn\u00e1 sada pre plavcov chr\u00e1ni vlasy pred vplyvmi vody slanej aj sladkej. Vlasy a ich farba tak zost\u00e1vaj\u00fa v perfektnej kond\u00edcii vo vode i mimo. Sada obsahuje: \u0161amp\u00f3n (266 ml), kondicion\u00e9r (266 ml) a 4 Wellness s\u00e1\u010dky s kry\u0161talick\u00fdm pr\u00edpravkom (4 x 5 g) Sada vy\u017eivuje, posil\u0148uje a chr\u00e1ni vlasy proti po\u0161kodeniu [&hellip;]","og_url":"https:\/\/salonkrasyvs.sk\/?product=malibu-c-swimmers-wellness-balicek","og_site_name":"Sal\u00f3n Kr\u00e1sy VS - kadern\u00edctvo, kozmetika, pedik\u00fara, microblading,","article_modified_time":"2025-05-19T04:59:53+00:00","og_image":[{"width":500,"height":500,"url":"https:\/\/salonkrasyvs.sk\/wp-content\/uploads\/2021\/10\/906553.jpg","type":"image\/jpeg"}],"twitter_card":"summary_large_image","twitter_misc":{"Predpokladan\u00fd \u010das \u010d\u00edtania":"2 min\u00faty"},"schema":{"@context":"https:\/\/schema.org","@graph":[{"@type":"WebPage","@id":"https:\/\/salonkrasyvs.sk\/?product=malibu-c-swimmers-wellness-balicek","url":"https:\/\/salonkrasyvs.sk\/?product=malibu-c-swimmers-wellness-balicek","name":"Malibu C - Swimmers Wellness bal\u00ed\u010dek - Sal\u00f3n Kr\u00e1sy VS - kadern\u00edctvo, kozmetika, pedik\u00fara, microblading,","isPartOf":{"@id":"https:\/\/salonkrasyvs.sk\/#website"},"primaryImageOfPage":{"@id":"https:\/\/salonkrasyvs.sk\/?product=malibu-c-swimmers-wellness-balicek#primaryimage"},"image":{"@id":"https:\/\/salonkrasyvs.sk\/?product=malibu-c-swimmers-wellness-balicek#primaryimage"},"thumbnailUrl":"https:\/\/salonkrasyvs.sk\/wp-content\/uploads\/2021\/10\/906553.jpg","datePublished":"2021-10-12T15:54:15+00:00","dateModified":"2025-05-19T04:59:53+00:00","breadcrumb":{"@id":"https:\/\/salonkrasyvs.sk\/?product=malibu-c-swimmers-wellness-balicek#breadcrumb"},"inLanguage":"sk-SK","potentialAction":[{"@type":"ReadAction","target":["https:\/\/salonkrasyvs.sk\/?product=malibu-c-swimmers-wellness-balicek"]}]},{"@type":"ImageObject","inLanguage":"sk-SK","@id":"https:\/\/salonkrasyvs.sk\/?product=malibu-c-swimmers-wellness-balicek#primaryimage","url":"https:\/\/salonkrasyvs.sk\/wp-content\/uploads\/2021\/10\/906553.jpg","contentUrl":"https:\/\/salonkrasyvs.sk\/wp-content\/uploads\/2021\/10\/906553.jpg","width":500,"height":500},{"@type":"BreadcrumbList","@id":"https:\/\/salonkrasyvs.sk\/?product=malibu-c-swimmers-wellness-balicek#breadcrumb","itemListElement":[{"@type":"ListItem","position":1,"name":"Domovsk\u00e1 str\u00e1nka","item":"https:\/\/salonkrasyvs.sk\/"},{"@type":"ListItem","position":2,"name":"Obchod_zaloha","item":"https:\/\/salonkrasyvs.sk\/?page_id=9697"},{"@type":"ListItem","position":3,"name":"Malibu C &#8211; Swimmers Wellness bal\u00ed\u010dek"}]},{"@type":"WebSite","@id":"https:\/\/salonkrasyvs.sk\/#website","url":"https:\/\/salonkrasyvs.sk\/","name":"Sal\u00f3n Kr\u00e1sy VS - kadern\u00edctvo, kozmetika, pedik\u00fara, microblading,","description":"Sal\u00f3n Kr\u00e1sy kde sa o V\u00e1s postar\u00e1me : d\u00e1mske, p\u00e1nske kadern\u00edctvo, kozmetika, pedik\u00fara, manik\u00fara, microblading. Kvalitn\u00e1 vlasov\u00e1 kozmetika na na\u0161om e-shope: Milk shake,  Malibu C, Mon platin, Sans Soucis","potentialAction":[{"@type":"SearchAction","target":{"@type":"EntryPoint","urlTemplate":"https:\/\/salonkrasyvs.sk\/?s={search_term_string}"},"query-input":{"@type":"PropertyValueSpecification","valueRequired":true,"valueName":"search_term_string"}}],"inLanguage":"sk-SK"}]}},"jetpack_sharing_enabled":true,"jetpack_likes_enabled":true,"_links":{"self":[{"href":"https:\/\/salonkrasyvs.sk\/index.php?rest_route=\/wp\/v2\/product\/989872","targetHints":{"allow":["GET"]}}],"collection":[{"href":"https:\/\/salonkrasyvs.sk\/index.php?rest_route=\/wp\/v2\/product"}],"about":[{"href":"https:\/\/salonkrasyvs.sk\/index.php?rest_route=\/wp\/v2\/types\/product"}],"wp:featuredmedia":[{"embeddable":true,"href":"https:\/\/salonkrasyvs.sk\/index.php?rest_route=\/wp\/v2\/media\/989873"}],"wp:attachment":[{"href":"https:\/\/salonkrasyvs.sk\/index.php?rest_route=%2Fwp%2Fv2%2Fmedia&parent=989872"}],"wp:term":[{"taxonomy":"product_brand","embeddable":true,"href":"https:\/\/salonkrasyvs.sk\/index.php?rest_route=%2Fwp%2Fv2%2Fproduct_brand&post=989872"},{"taxonomy":"product_cat","embeddable":true,"href":"https:\/\/salonkrasyvs.sk\/index.php?rest_route=%2Fwp%2Fv2%2Fproduct_cat&post=989872"},{"taxonomy":"product_tag","embeddable":true,"href":"https:\/\/salonkrasyvs.sk\/index.php?rest_route=%2Fwp%2Fv2%2Fproduct_tag&post=989872"}],"curies":[{"name":"wp","href":"https:\/\/api.w.org\/{rel}","templated":true}]}}