{"id":989867,"date":"2021-10-12T17:19:37","date_gmt":"2021-10-12T15:19:37","guid":{"rendered":"https:\/\/salonkrasyvs.sk\/?post_type=product&#038;p=989867"},"modified":"2025-05-19T06:54:45","modified_gmt":"2025-05-19T04:54:45","slug":"malibu-c-hydrate-color-wellness-balicek","status":"publish","type":"product","link":"https:\/\/salonkrasyvs.sk\/?product=malibu-c-hydrate-color-wellness-balicek","title":{"rendered":"Malibu C &#8211; Hydrate Color Wellness bal\u00ed\u010dek"},"content":{"rendered":"<h3>HYDRATE COLOR WELLNESS sada<\/h3>\n<p>100% veg\u00e1nsky syst\u00e9m pre o\u0161etrenie farben\u00fdch vlasov.<\/p>\n<p><strong>Sada obsahuje: \u0161ampon 266 ml, kondicion\u00e9r 266 ml, 1 x 5 gr Color Prepare Wellness Remedy, 4 x 12 ml Color-Lock maska.<\/strong><\/p>\n<p>V\u010faka tejto sade vlasy z\u00edskaj\u00fa \u017eiariv\u00fa farbu ako po n\u00e1v\u0161teve sal\u00f3nu. Hydrate Color Wellness sada dod\u00e1 vlasom intenz\u00edvnu hydrat\u00e1ciu a pred\u013a\u017ei zdravie a \u017eiarivos\u0165 vlasov, ktor\u00e9 boli ak\u00fdmko\u013evek sp\u00f4sobom chemicky naru\u0161en\u00e9 (farba, mel\u00edr, narovnanie vlasov, trval\u00e1). Pokro\u010dil\u00e1 technol\u00f3gia Color-Lock br\u00e1ni vyblednutiu farby. Pr\u00edpravky s\u00fa 100% vegan, bez sulf\u00e1tov, parab\u00e9nov, chloridu sodn\u00e9ho a umel\u00fdch parfum\u00e1ciou.<\/p>\n<p><strong>Akt\u00edvne l\u00e1tky:<\/strong><\/p>\n<ul>\n<li class=\"\" data-start=\"220\" data-end=\"322\">\n<p class=\"\" data-start=\"222\" data-end=\"322\">Starostlivo vyvinut\u00e9 zlo\u017eenie, ktor\u00e9 predch\u00e1dza blednutiu farby v\u010faka hydrata\u010dnej nei\u00f3novej zlo\u017eke<\/p>\n<\/li>\n<li class=\"\" data-start=\"323\" data-end=\"408\">\n<p class=\"\" data-start=\"325\" data-end=\"408\">Vyv\u00e1\u017een\u00e1 zmes \u0161etrn\u00fdch um\u00fdvac\u00edch zlo\u017eiek s vysok\u00fdm \u00fa\u010dinkom a jedine\u010dn\u00fdmi pr\u00ednosmi<\/p>\n<\/li>\n<li class=\"\" data-start=\"409\" data-end=\"484\">\n<p class=\"\" data-start=\"411\" data-end=\"484\">Bezsulf\u00e1tov\u00e1 mycia zlo\u017eka s charakteristickou a jedine\u010dnou v\u00f4\u0148ou Malibu<\/p>\n<\/li>\n<li class=\"\" data-start=\"485\" data-end=\"557\">\n<p class=\"\" data-start=\"487\" data-end=\"557\">Inovat\u00edvna technol\u00f3gia prispieva k zachovaniu oslnivo \u017eiarivej farby<\/p>\n<\/li>\n<li class=\"\" data-start=\"558\" data-end=\"644\">\n<p class=\"\" data-start=\"560\" data-end=\"644\">Zlo\u017eenie s opravn\u00fdm \u00fa\u010dinkom br\u00e1ni vysu\u0161ovaniu a dod\u00e1va vlasom s\u00fdtos\u0165, objem a lesk<\/p>\n<\/li>\n<li class=\"\" data-start=\"645\" data-end=\"723\">\n<p class=\"\" data-start=\"647\" data-end=\"723\">Vysoko \u00fa\u010dinn\u00e1 zmes hydrata\u010dn\u00fdch zlo\u017eiek zanech\u00e1va vlasy dokonale hydratovan\u00e9<\/p>\n<\/li>\n<\/ul>\n<p><strong>Pou\u017eitie:<\/strong><\/p>\n<p><em>\u0160amp\u00f3n:<\/em> Vmas\u00edrujte do mokr\u00fdch vlasov, potom d\u00f4kladne opl\u00e1chnite. Pre dosiahnutie najlep\u0161ieho v\u00fdsledku potom pokra\u010dujte aplik\u00e1ci\u00ed kondicion\u00e9ru Hydrate Color Wellness.<\/p>\n<p><em>Kondicion\u00e9r:<\/em> Vmas\u00edrujte do mokr\u00fdch vlasov, potom opl\u00e1chnite. Najlep\u0161ie v\u00fdsledky dosiahnete, ak raz t\u00fd\u017edenne pou\u017eijete Color Lock masku.<\/p>\n<p><em>Wellness s\u00e1\u010dky (Color- Lock maska):<\/em> Naeste na mokr\u00e9 vlasy, nechajte p\u00f4sobi\u0165 10 min\u00fat a potom d\u00f4kladne opl\u00e1chnite. Masku mo\u017eno necha\u0165 na vlasoch aj cez noc.<\/p>\n<p><em>Wellness s\u00e1\u010dok (Color Prepare):<\/em> D\u00f4kladne umyte vlasy \u0161amp\u00f3nom a opl\u00e1chnite. Obsah vrec\u00fa\u0161ka vysypte do ruky, premas\u00edrujte medzi dla\u0148ami a pridajte 30 ml vody, aby sa rozpustili kry\u0161t\u00e1ly. Aplikujte do vlasov a postl\u00e1\u010dajte. Nechajte p\u00f4sobi\u0165 5 min\u00fat, umyte \u0161amp\u00f3nom a d\u00f4kladne opl\u00e1chnite. Kondicion\u00e9r nie je odpor\u00fa\u010dan\u00fd. Potom za\u010dnite s farben\u00edm vlasov. Farbenie by malo prebehn\u00fa\u0165 do 24 hod\u00edn po o\u0161etren\u00ed.<\/p>\n","protected":false},"excerpt":{"rendered":"<p><em>Hydrata\u010dn\u00e1 sada pre farben\u00e9 vlasy<\/em><\/p>\n","protected":false},"featured_media":989868,"template":"","meta":[],"product_brand":[],"product_cat":[94,106],"product_tag":[],"class_list":{"0":"post-989867","1":"product","2":"type-product","3":"status-publish","4":"has-post-thumbnail","6":"product_cat-vlasova-kozmetika","7":"product_cat-vyhodne-balicky","9":"first","10":"instock","11":"shipping-taxable","12":"purchasable","13":"product-type-simple"},"yoast_head":"<!-- This site is optimized with the Yoast SEO plugin v27.4 - https:\/\/yoast.com\/product\/yoast-seo-wordpress\/ -->\n<title>Malibu C - Hydrate Color Wellness bal\u00ed\u010dek - Sal\u00f3n Kr\u00e1sy VS - kadern\u00edctvo, kozmetika, pedik\u00fara, microblading,<\/title>\n<meta name=\"robots\" content=\"index, follow, max-snippet:-1, max-image-preview:large, max-video-preview:-1\" \/>\n<link rel=\"canonical\" href=\"https:\/\/salonkrasyvs.sk\/?product=malibu-c-hydrate-color-wellness-balicek\" \/>\n<meta property=\"og:locale\" content=\"sk_SK\" \/>\n<meta property=\"og:type\" content=\"article\" \/>\n<meta property=\"og:title\" content=\"Malibu C - Hydrate Color Wellness bal\u00ed\u010dek - Sal\u00f3n Kr\u00e1sy VS - kadern\u00edctvo, kozmetika, pedik\u00fara, microblading,\" \/>\n<meta property=\"og:description\" content=\"Hydrata\u010dn\u00e1 sada pre farben\u00e9 vlasy\" \/>\n<meta property=\"og:url\" content=\"https:\/\/salonkrasyvs.sk\/?product=malibu-c-hydrate-color-wellness-balicek\" \/>\n<meta property=\"og:site_name\" content=\"Sal\u00f3n Kr\u00e1sy VS - kadern\u00edctvo, kozmetika, pedik\u00fara, microblading,\" \/>\n<meta property=\"article:modified_time\" content=\"2025-05-19T04:54:45+00:00\" \/>\n<meta property=\"og:image\" content=\"https:\/\/salonkrasyvs.sk\/wp-content\/uploads\/2021\/10\/49709-Hydrate-Color-Wellness-Collection_1024x.jpg\" \/>\n\t<meta property=\"og:image:width\" content=\"1024\" \/>\n\t<meta property=\"og:image:height\" content=\"1024\" \/>\n\t<meta property=\"og:image:type\" content=\"image\/jpeg\" \/>\n<meta name=\"twitter:card\" content=\"summary_large_image\" \/>\n<meta name=\"twitter:label1\" content=\"Predpokladan\u00fd \u010das \u010d\u00edtania\" \/>\n\t<meta name=\"twitter:data1\" content=\"2 min\u00faty\" \/>\n<script type=\"application\/ld+json\" class=\"yoast-schema-graph\">{\"@context\":\"https:\\\/\\\/schema.org\",\"@graph\":[{\"@type\":\"WebPage\",\"@id\":\"https:\\\/\\\/salonkrasyvs.sk\\\/?product=malibu-c-hydrate-color-wellness-balicek\",\"url\":\"https:\\\/\\\/salonkrasyvs.sk\\\/?product=malibu-c-hydrate-color-wellness-balicek\",\"name\":\"Malibu C - Hydrate Color Wellness bal\u00ed\u010dek - Sal\u00f3n Kr\u00e1sy VS - kadern\u00edctvo, kozmetika, pedik\u00fara, microblading,\",\"isPartOf\":{\"@id\":\"https:\\\/\\\/salonkrasyvs.sk\\\/#website\"},\"primaryImageOfPage\":{\"@id\":\"https:\\\/\\\/salonkrasyvs.sk\\\/?product=malibu-c-hydrate-color-wellness-balicek#primaryimage\"},\"image\":{\"@id\":\"https:\\\/\\\/salonkrasyvs.sk\\\/?product=malibu-c-hydrate-color-wellness-balicek#primaryimage\"},\"thumbnailUrl\":\"https:\\\/\\\/salonkrasyvs.sk\\\/wp-content\\\/uploads\\\/2021\\\/10\\\/49709-Hydrate-Color-Wellness-Collection_1024x.jpg\",\"datePublished\":\"2021-10-12T15:19:37+00:00\",\"dateModified\":\"2025-05-19T04:54:45+00:00\",\"breadcrumb\":{\"@id\":\"https:\\\/\\\/salonkrasyvs.sk\\\/?product=malibu-c-hydrate-color-wellness-balicek#breadcrumb\"},\"inLanguage\":\"sk-SK\",\"potentialAction\":[{\"@type\":\"ReadAction\",\"target\":[\"https:\\\/\\\/salonkrasyvs.sk\\\/?product=malibu-c-hydrate-color-wellness-balicek\"]}]},{\"@type\":\"ImageObject\",\"inLanguage\":\"sk-SK\",\"@id\":\"https:\\\/\\\/salonkrasyvs.sk\\\/?product=malibu-c-hydrate-color-wellness-balicek#primaryimage\",\"url\":\"https:\\\/\\\/salonkrasyvs.sk\\\/wp-content\\\/uploads\\\/2021\\\/10\\\/49709-Hydrate-Color-Wellness-Collection_1024x.jpg\",\"contentUrl\":\"https:\\\/\\\/salonkrasyvs.sk\\\/wp-content\\\/uploads\\\/2021\\\/10\\\/49709-Hydrate-Color-Wellness-Collection_1024x.jpg\",\"width\":1024,\"height\":1024},{\"@type\":\"BreadcrumbList\",\"@id\":\"https:\\\/\\\/salonkrasyvs.sk\\\/?product=malibu-c-hydrate-color-wellness-balicek#breadcrumb\",\"itemListElement\":[{\"@type\":\"ListItem\",\"position\":1,\"name\":\"Domovsk\u00e1 str\u00e1nka\",\"item\":\"https:\\\/\\\/salonkrasyvs.sk\\\/\"},{\"@type\":\"ListItem\",\"position\":2,\"name\":\"Obchod_zaloha\",\"item\":\"https:\\\/\\\/salonkrasyvs.sk\\\/?page_id=9697\"},{\"@type\":\"ListItem\",\"position\":3,\"name\":\"Malibu C &#8211; Hydrate Color Wellness bal\u00ed\u010dek\"}]},{\"@type\":\"WebSite\",\"@id\":\"https:\\\/\\\/salonkrasyvs.sk\\\/#website\",\"url\":\"https:\\\/\\\/salonkrasyvs.sk\\\/\",\"name\":\"Sal\u00f3n Kr\u00e1sy VS - kadern\u00edctvo, kozmetika, pedik\u00fara, microblading,\",\"description\":\"Sal\u00f3n Kr\u00e1sy kde sa o V\u00e1s postar\u00e1me : d\u00e1mske, p\u00e1nske kadern\u00edctvo, kozmetika, pedik\u00fara, manik\u00fara, microblading. Kvalitn\u00e1 vlasov\u00e1 kozmetika na na\u0161om e-shope: Milk shake,  Malibu C, Mon platin, Sans Soucis\",\"potentialAction\":[{\"@type\":\"SearchAction\",\"target\":{\"@type\":\"EntryPoint\",\"urlTemplate\":\"https:\\\/\\\/salonkrasyvs.sk\\\/?s={search_term_string}\"},\"query-input\":{\"@type\":\"PropertyValueSpecification\",\"valueRequired\":true,\"valueName\":\"search_term_string\"}}],\"inLanguage\":\"sk-SK\"}]}<\/script>\n<!-- \/ Yoast SEO plugin. -->","yoast_head_json":{"title":"Malibu C - Hydrate Color Wellness bal\u00ed\u010dek - Sal\u00f3n Kr\u00e1sy VS - kadern\u00edctvo, kozmetika, pedik\u00fara, microblading,","robots":{"index":"index","follow":"follow","max-snippet":"max-snippet:-1","max-image-preview":"max-image-preview:large","max-video-preview":"max-video-preview:-1"},"canonical":"https:\/\/salonkrasyvs.sk\/?product=malibu-c-hydrate-color-wellness-balicek","og_locale":"sk_SK","og_type":"article","og_title":"Malibu C - Hydrate Color Wellness bal\u00ed\u010dek - Sal\u00f3n Kr\u00e1sy VS - kadern\u00edctvo, kozmetika, pedik\u00fara, microblading,","og_description":"Hydrata\u010dn\u00e1 sada pre farben\u00e9 vlasy","og_url":"https:\/\/salonkrasyvs.sk\/?product=malibu-c-hydrate-color-wellness-balicek","og_site_name":"Sal\u00f3n Kr\u00e1sy VS - kadern\u00edctvo, kozmetika, pedik\u00fara, microblading,","article_modified_time":"2025-05-19T04:54:45+00:00","og_image":[{"width":1024,"height":1024,"url":"https:\/\/salonkrasyvs.sk\/wp-content\/uploads\/2021\/10\/49709-Hydrate-Color-Wellness-Collection_1024x.jpg","type":"image\/jpeg"}],"twitter_card":"summary_large_image","twitter_misc":{"Predpokladan\u00fd \u010das \u010d\u00edtania":"2 min\u00faty"},"schema":{"@context":"https:\/\/schema.org","@graph":[{"@type":"WebPage","@id":"https:\/\/salonkrasyvs.sk\/?product=malibu-c-hydrate-color-wellness-balicek","url":"https:\/\/salonkrasyvs.sk\/?product=malibu-c-hydrate-color-wellness-balicek","name":"Malibu C - Hydrate Color Wellness bal\u00ed\u010dek - Sal\u00f3n Kr\u00e1sy VS - kadern\u00edctvo, kozmetika, pedik\u00fara, microblading,","isPartOf":{"@id":"https:\/\/salonkrasyvs.sk\/#website"},"primaryImageOfPage":{"@id":"https:\/\/salonkrasyvs.sk\/?product=malibu-c-hydrate-color-wellness-balicek#primaryimage"},"image":{"@id":"https:\/\/salonkrasyvs.sk\/?product=malibu-c-hydrate-color-wellness-balicek#primaryimage"},"thumbnailUrl":"https:\/\/salonkrasyvs.sk\/wp-content\/uploads\/2021\/10\/49709-Hydrate-Color-Wellness-Collection_1024x.jpg","datePublished":"2021-10-12T15:19:37+00:00","dateModified":"2025-05-19T04:54:45+00:00","breadcrumb":{"@id":"https:\/\/salonkrasyvs.sk\/?product=malibu-c-hydrate-color-wellness-balicek#breadcrumb"},"inLanguage":"sk-SK","potentialAction":[{"@type":"ReadAction","target":["https:\/\/salonkrasyvs.sk\/?product=malibu-c-hydrate-color-wellness-balicek"]}]},{"@type":"ImageObject","inLanguage":"sk-SK","@id":"https:\/\/salonkrasyvs.sk\/?product=malibu-c-hydrate-color-wellness-balicek#primaryimage","url":"https:\/\/salonkrasyvs.sk\/wp-content\/uploads\/2021\/10\/49709-Hydrate-Color-Wellness-Collection_1024x.jpg","contentUrl":"https:\/\/salonkrasyvs.sk\/wp-content\/uploads\/2021\/10\/49709-Hydrate-Color-Wellness-Collection_1024x.jpg","width":1024,"height":1024},{"@type":"BreadcrumbList","@id":"https:\/\/salonkrasyvs.sk\/?product=malibu-c-hydrate-color-wellness-balicek#breadcrumb","itemListElement":[{"@type":"ListItem","position":1,"name":"Domovsk\u00e1 str\u00e1nka","item":"https:\/\/salonkrasyvs.sk\/"},{"@type":"ListItem","position":2,"name":"Obchod_zaloha","item":"https:\/\/salonkrasyvs.sk\/?page_id=9697"},{"@type":"ListItem","position":3,"name":"Malibu C &#8211; Hydrate Color Wellness bal\u00ed\u010dek"}]},{"@type":"WebSite","@id":"https:\/\/salonkrasyvs.sk\/#website","url":"https:\/\/salonkrasyvs.sk\/","name":"Sal\u00f3n Kr\u00e1sy VS - kadern\u00edctvo, kozmetika, pedik\u00fara, microblading,","description":"Sal\u00f3n Kr\u00e1sy kde sa o V\u00e1s postar\u00e1me : d\u00e1mske, p\u00e1nske kadern\u00edctvo, kozmetika, pedik\u00fara, manik\u00fara, microblading. Kvalitn\u00e1 vlasov\u00e1 kozmetika na na\u0161om e-shope: Milk shake,  Malibu C, Mon platin, Sans Soucis","potentialAction":[{"@type":"SearchAction","target":{"@type":"EntryPoint","urlTemplate":"https:\/\/salonkrasyvs.sk\/?s={search_term_string}"},"query-input":{"@type":"PropertyValueSpecification","valueRequired":true,"valueName":"search_term_string"}}],"inLanguage":"sk-SK"}]}},"jetpack_sharing_enabled":true,"jetpack_likes_enabled":true,"_links":{"self":[{"href":"https:\/\/salonkrasyvs.sk\/index.php?rest_route=\/wp\/v2\/product\/989867","targetHints":{"allow":["GET"]}}],"collection":[{"href":"https:\/\/salonkrasyvs.sk\/index.php?rest_route=\/wp\/v2\/product"}],"about":[{"href":"https:\/\/salonkrasyvs.sk\/index.php?rest_route=\/wp\/v2\/types\/product"}],"wp:featuredmedia":[{"embeddable":true,"href":"https:\/\/salonkrasyvs.sk\/index.php?rest_route=\/wp\/v2\/media\/989868"}],"wp:attachment":[{"href":"https:\/\/salonkrasyvs.sk\/index.php?rest_route=%2Fwp%2Fv2%2Fmedia&parent=989867"}],"wp:term":[{"taxonomy":"product_brand","embeddable":true,"href":"https:\/\/salonkrasyvs.sk\/index.php?rest_route=%2Fwp%2Fv2%2Fproduct_brand&post=989867"},{"taxonomy":"product_cat","embeddable":true,"href":"https:\/\/salonkrasyvs.sk\/index.php?rest_route=%2Fwp%2Fv2%2Fproduct_cat&post=989867"},{"taxonomy":"product_tag","embeddable":true,"href":"https:\/\/salonkrasyvs.sk\/index.php?rest_route=%2Fwp%2Fv2%2Fproduct_tag&post=989867"}],"curies":[{"name":"wp","href":"https:\/\/api.w.org\/{rel}","templated":true}]}}